{"id":344,"date":"2023-12-20T12:09:29","date_gmt":"2023-12-20T12:09:29","guid":{"rendered":"https:\/\/simexmin.org.br\/2024\/?page_id=344"},"modified":"2024-05-13T19:38:34","modified_gmt":"2024-05-13T19:38:34","slug":"palestras-tecnicas","status":"publish","type":"page","link":"https:\/\/simexmin.org.br\/2024\/palestras-tecnicas\/","title":{"rendered":"Palestras t\u00e9cnicas"},"content":{"rendered":"[et_pb_section fb_built=&#8221;1&#8243; fullwidth=&#8221;on&#8221; _builder_version=&#8221;4.23.1&#8243; _module_preset=&#8221;default&#8221; bottom_divider_style=&#8221;arrow2&#8243; bottom_divider_color=&#8221;#fbfae8&#8243; bottom_divider_height=&#8221;50px&#8221; global_colors_info=&#8221;{}&#8221;][et_pb_fullwidth_header title=&#8221;PALESTRAS T\u00c9CNICAS&#8221; admin_label=&#8221;Cabe\u00e7alho de Largura Completa&#8221; _builder_version=&#8221;4.23.1&#8243; _module_preset=&#8221;default&#8221; title_font=&#8221;|800|||||||&#8221; title_text_align=&#8221;center&#8221; title_font_size=&#8221;48px&#8221; background_color=&#8221;#DB6C00&#8243; background_image=&#8221;https:\/\/simexmin.org.br\/2024\/wp-content\/uploads\/2023\/11\/topo-pag-internas.jpg&#8221; custom_padding=&#8221;46px||40px|||&#8221; title_font_size_tablet=&#8221;48px&#8221; title_font_size_phone=&#8221;33px&#8221; title_font_size_last_edited=&#8221;on|phone&#8221; title_text_shadow_style=&#8221;preset2&#8243; global_colors_info=&#8221;{}&#8221;][\/et_pb_fullwidth_header][\/et_pb_section][et_pb_section fb_built=&#8221;1&#8243; _builder_version=&#8221;4.23.1&#8243; _module_preset=&#8221;default&#8221; background_image=&#8221;https:\/\/simexmin.org.br\/2024\/wp-content\/uploads\/2023\/11\/bg-curvas-bege.jpg&#8221; parallax=&#8221;on&#8221; parallax_method=&#8221;off&#8221; background_blend=&#8221;multiply&#8221; global_colors_info=&#8221;{}&#8221;][et_pb_row _builder_version=&#8221;4.23.1&#8243; _module_preset=&#8221;default&#8221; custom_padding=&#8221;6px|||||&#8221; global_colors_info=&#8221;{}&#8221;][et_pb_column type=&#8221;4_4&#8243; _builder_version=&#8221;4.23.1&#8243; _module_preset=&#8221;default&#8221; global_colors_info=&#8221;{}&#8221;][et_pb_text _builder_version=&#8221;4.23.1&#8243; _module_preset=&#8221;default&#8221; text_font=&#8221;|600|||||||&#8221; text_font_size=&#8221;17px&#8221; header_2_font=&#8221;|800|||||||&#8221; header_2_text_align=&#8221;center&#8221; global_colors_info=&#8221;{}&#8221;]\n<p>Para mais informa\u00e7\u00f5es e reserva de audit\u00f3rio para palestra t\u00e9cnica entrar em contato por meio do e-mail <a href=\"mailto:simexmin@adimb.org.br\">simexmin@adimb.org.br<\/a><\/p>\n[\/et_pb_text][\/et_pb_column][\/et_pb_row][et_pb_row _builder_version=&#8221;4.24.2&#8243; _module_preset=&#8221;default&#8221; global_colors_info=&#8221;{}&#8221;][et_pb_column type=&#8221;4_4&#8243; _builder_version=&#8221;4.24.2&#8243; _module_preset=&#8221;default&#8221; global_colors_info=&#8221;{}&#8221;][et_pb_toggle title=&#8221;Segunda-feira, 20 de maio de 2024&#8243; open_toggle_text_color=&#8221;#DB6C00&#8243; open_toggle_background_color=&#8221;#F2F1D3&#8243; closed_toggle_background_color=&#8221;#F2F1D3&#8243; icon_color=&#8221;#DB6C00&#8243; use_icon_font_size=&#8221;on&#8221; icon_font_size=&#8221;27px&#8221; _builder_version=&#8221;4.24.2&#8243; _module_preset=&#8221;default&#8221; title_text_color=&#8221;#DB6C00&#8243; title_font_size=&#8221;23px&#8221; hover_enabled=&#8221;0&#8243; border_radii=&#8221;on|10px|10px|10px|10px&#8221; border_width_all=&#8221;2px&#8221; border_color_all=&#8221;#DB6C00&#8243; global_colors_info=&#8221;{}&#8221; sticky_enabled=&#8221;0&#8243;]\n<table border=\"0\" cellspacing=\"0\" cellpadding=\"0\">\n<tbody>\n<tr>\n<td colspan=\"2\" bgcolor=\"#FFCC00\">\n<div align=\"center\"><strong>AUDIT\u00d3RIO A <\/strong><\/div>\n<\/td>\n<\/tr>\n<tr>\n<td width=\"180\" bgcolor=\"#FFFFFF\">\n<div align=\"center\">10h15 \u00e0s 11h15<\/div>\n<\/td>\n<td bgcolor=\"#FFFFFF\"><strong>CBPM apresenta: Prov\u00edncia Metalogenetica do Norte da Bahia &#8211; estado da arte<\/strong><br \/>Esdras Varj\u00e3o e Luiz Fernando Cavalcante<br \/>CBPM<\/td>\n<\/tr>\n<tr>\n<td bgcolor=\"#FFFFFF\">\n<div align=\"center\">14h15 \u00e0s 15h15<\/div>\n<\/td>\n<td bgcolor=\"#FFFFFF\"><strong>Otimiza\u00e7\u00e3o de Custos na Pesquisa Mineral e Modelagem Geol\u00f3gica: A Contribui\u00e7\u00e3o do Aprendizado de M\u00e1quina e da Intelig\u00eancia Artificial da EMerald Geomodelling<\/strong><br \/>Caio Cesar Teixeira Barbosa<br \/>EMerald Geomodelling<\/td>\n<\/tr>\n<\/tbody>\n<\/table>\n<table border=\"0\" cellspacing=\"0\" cellpadding=\"0\">\n<tbody>\n<tr>\n<td colspan=\"2\" bgcolor=\"#6699FF\">\n<div align=\"center\"><strong>AUDIT\u00d3RIO B <\/strong><\/div>\n<\/td>\n<\/tr>\n<tr>\n<td width=\"180\" bgcolor=\"#FFFFFF\">\n<div align=\"center\">10h15 \u00e0s 11h15<\/div>\n<\/td>\n<td bgcolor=\"#FFFFFF\"><strong>O Papel da Conectividade na Otimiza\u00e7\u00e3o da Explora\u00e7\u00e3o Mineral e Desafios em Comunica\u00e7\u00e3o Remota em Ambientes de Minera\u00e7\u00e3o<br \/><\/strong>Gabriel Negrini<br \/>GEOSTATS<\/td>\n<\/tr>\n<tr>\n<td width=\"180\" bgcolor=\"#FFFFFF\">\n<div align=\"center\">13h00 \u00e0s 14h00<\/div>\n<\/td>\n<td bgcolor=\"#FFFFFF\"><strong>Novas solu\u00e7\u00f5es em Hidrossemeadura para o Mercado de RAD<br \/><\/strong>Alexsandro Rodrigo Zaleski<br \/>VERDETEC<\/td>\n<\/tr>\n<tr>\n<td width=\"180\" bgcolor=\"#FFFFFF\">\n<div align=\"center\">14h15 \u00e0s 15h15<\/div>\n<\/td>\n<td bgcolor=\"#FFFFFF\"><strong>Como avaliar a incerteza de um modelo geol\u00f3gico? Aplica\u00e7\u00f5es na an\u00e1lise de incertezas geol\u00f3gicas classifica\u00e7\u00e3o de recursos.<\/strong><br \/>Orlando Rojas<br \/>GEOESTIMA<\/td>\n<\/tr>\n<tr>\n<td bgcolor=\"#FFFFFF\">\n<div align=\"center\">15h30 \u00e0s 16h00<\/div>\n<\/td>\n<td bgcolor=\"#FFFFFF\"><strong>Contribui\u00e7\u00f5es do Servi\u00e7o Geol\u00f3gico do Brasil para o Desenvolvimento do Potencial Mineral<\/strong> <strong>Brasileiro<\/strong><br \/>Francisco Valdir Silveira<br \/>SGB<\/td>\n<\/tr>\n<tr>\n<td bgcolor=\"#FFFFFF\">\n<div align=\"center\">16h00 \u00e0s 16h30<\/div>\n<\/td>\n<td bgcolor=\"#FFFFFF\"><strong>O Mapeamento Geol\u00f3gico e a Pesquisa de Recursos Minerais pelo Servi\u00e7o Geol\u00f3gico do Brasil \u2013 Planejamento Decenal e Consulta P\u00fablica -PLANGEO<\/strong><br \/>Marcos Vin\u00edcius<br \/>SGB<\/td>\n<\/tr>\n<tr>\n<td bgcolor=\"#FFFFFF\">\n<div align=\"center\">16h30 \u00e0s 17h00<\/div>\n<\/td>\n<td bgcolor=\"#FFFFFF\"><strong>Geof\u00edsica no Servi\u00e7o Geol\u00f3gico do Brasil \u2013 Rumo \u00e0s Novas Fronteiras<\/strong><br \/>Iago Souza Lima Costa<br \/>SGB<\/td>\n<\/tr>\n<tr>\n<td bgcolor=\"#FFFFFF\">\n<div align=\"center\">17h00 \u00e0s 17h30<\/div>\n<\/td>\n<td bgcolor=\"#FFFFFF\"><strong>Geoqu\u00edmica Prospectiva no Servi\u00e7o Geol\u00f3gico do Brasil: Desenvolvimento e Perspectivas <\/strong><br \/>Marcelo Esteves de Almeida<br \/>SGB<\/td>\n<\/tr>\n<tr>\n<td bgcolor=\"#FFFFFF\">\n<div align=\"center\">17h30 \u00e0s 18h00<\/div>\n<\/td>\n<td bgcolor=\"#FFFFFF\"><strong>Desvendando a Qu\u00edmica Mineral do Ouro: Primeiros Resultados do Acervo do Servi\u00e7o Geol\u00f3gico do Brasil <\/strong><br \/>Guilherme Ferreira<br \/>SGB<\/td>\n<\/tr>\n<\/tbody>\n<\/table>\n[\/et_pb_toggle][et_pb_toggle title=&#8221;Ter\u00e7a-feira, 21 de maio de 2024&#8243; open_toggle_text_color=&#8221;#009923&#8243; open_toggle_background_color=&#8221;#F2F1D3&#8243; closed_toggle_background_color=&#8221;#F2F1D3&#8243; icon_color=&#8221;#009923&#8243; use_icon_font_size=&#8221;on&#8221; icon_font_size=&#8221;27px&#8221; _builder_version=&#8221;4.24.2&#8243; _module_preset=&#8221;default&#8221; title_text_color=&#8221;#009923&#8243; title_font_size=&#8221;23px&#8221; border_radii=&#8221;on|10px|10px|10px|10px&#8221; border_width_all=&#8221;2px&#8221; border_color_all=&#8221;#009923&#8243; global_colors_info=&#8221;{}&#8221;]\n<table border=\"0\" cellspacing=\"0\" cellpadding=\"0\">\n<tbody>\n<tr>\n<td colspan=\"2\" bgcolor=\"#FFCC00\">\n<div align=\"center\"><strong>AUDIT\u00d3RIO A <\/strong><\/div>\n<\/td>\n<\/tr>\n<tr>\n<td width=\"180\" bgcolor=\"#FFFFFF\">\n<div align=\"center\">10h15 \u00e0s 11h15<\/div>\n<\/td>\n<td bgcolor=\"#FFFFFF\"><strong>Inova\u00e7\u00e3o Geof\u00edsica &#8211; Novas Tecnologias pela \u201cDias Geophysical\u201d<br \/><\/strong>DIAS GEOPHYSICAL<\/td>\n<\/tr>\n<tr>\n<td bgcolor=\"#FFFFFF\">\n<div align=\"center\">11h30 \u00e0s 12h30<\/div>\n<\/td>\n<td bgcolor=\"#FFFFFF\"><strong>Uma breve hist\u00f3ria da evolu\u00e7\u00e3o do Projeto Castelo de Sonhos: da descoberta do ouro \u00e0 sua viabilidade econ\u00f4mica.<\/strong><br \/>F\u00e1bio Mozzer<br \/>TRISTAR GOLD<\/td>\n<\/tr>\n<tr>\n<td bgcolor=\"#FFFFFF\">\n<div align=\"center\">14h15 \u00e0s 15h15<\/div>\n<\/td>\n<td bgcolor=\"#FFFFFF\"><strong>Due Diligence em Direitos Humanos na Minera\u00e7\u00e3o<\/strong><br \/>Juliana Aschar<br \/>H&amp;P<\/td>\n<\/tr>\n<tr>\n<td bgcolor=\"#FFFFFF\">\n<div align=\"center\">15h30 \u00e0s 16h30<\/div>\n<\/td>\n<td bgcolor=\"#FFFFFF\"><strong>Enfrentando a incerteza geol\u00f3gica: desafios e adapta\u00e7\u00f5es na modelagem de aprendizado de m\u00e1quina para geologia<br \/><\/strong>Fernando Pacheco<br \/>EMerald Geomodelling<\/td>\n<\/tr>\n<\/tbody>\n<\/table>\n<p>&nbsp;<\/p>\n<table border=\"0\" cellspacing=\"0\" cellpadding=\"0\">\n<tbody>\n<tr>\n<td colspan=\"2\" bgcolor=\"#6699FF\">\n<div align=\"center\"><strong>AUDIT\u00d3RIO B <\/strong><\/div>\n<\/td>\n<\/tr>\n<tr>\n<td width=\"180\" bgcolor=\"#FFFFFF\">\n<div align=\"center\">10h15 \u00e0s 11h15<\/div>\n<\/td>\n<td bgcolor=\"#FFFFFF\"><strong>Geological Data Management Workshop<br \/><\/strong>Cristian Neumann &#8211; Commercial Account Manager<br \/>AcQUIRE<\/td>\n<\/tr>\n<tr>\n<td width=\"180\" bgcolor=\"#FFFFFF\">\n<div align=\"center\">11h30 \u00e0s 12h30<\/div>\n<\/td>\n<td bgcolor=\"#FFFFFF\"><strong>acQuire GIM Suite &#8211; Arena Demonstration<\/strong><br \/>Felipe Le\u00e3o &#8211; Technology Adviser<br \/>AcQUIRE<\/td>\n<\/tr>\n<tr>\n<td width=\"180\" bgcolor=\"#FFFFFF\">\n<div align=\"center\">14h15 \u00e0s 18h<\/div>\n<\/td>\n<td bgcolor=\"#FFFFFF\">\n<p><strong>Solu\u00e7\u00f5es de Mercado de Capitais para minera\u00e7\u00e3o no Brasil<br \/><\/strong>&#8211; Miguel Nery, Coordenador Invest Mining;<br \/>&#8211; Pedro Paulo Dias, BNDES;<br \/>&#8211; Jos\u00e9 Ricardo Thibes Pisani, presidente CBRR;<br \/>&#8211; Leonardo Resende, B3;<br \/>&#8211; Ricardo Fonseca, Genial Investimentos<\/p>\n<p>Apresenta\u00e7\u00e3o de <em>cases<\/em> de sucesso das empresas listadas:<br \/>&#8211; Bravo<br \/>&#8211; Ero Copper<br \/>&#8211; Ionic Lithium<br \/>&#8211; South Star<\/p>\n<\/td>\n<\/tr>\n<\/tbody>\n<\/table>\n[\/et_pb_toggle][et_pb_toggle title=&#8221;Quarta-feira, 22 de maio de 2024&#8243; open_toggle_text_color=&#8221;#04008c&#8221; open_toggle_background_color=&#8221;#F2F1D3&#8243; closed_toggle_background_color=&#8221;#F2F1D3&#8243; icon_color=&#8221;#04008c&#8221; use_icon_font_size=&#8221;on&#8221; icon_font_size=&#8221;27px&#8221; _builder_version=&#8221;4.24.2&#8243; _module_preset=&#8221;default&#8221; title_text_color=&#8221;#04008c&#8221; title_font_size=&#8221;23px&#8221; border_radii=&#8221;on|10px|10px|10px|10px&#8221; border_width_all=&#8221;2px&#8221; border_color_all=&#8221;#04008c&#8221; global_colors_info=&#8221;{}&#8221;]\n<table border=\"0\" cellspacing=\"0\" cellpadding=\"0\">\n<tbody>\n<tr>\n<td colspan=\"2\" bgcolor=\"#FFCC00\">\n<div align=\"center\"><strong>AUDIT\u00d3RIO A <\/strong><\/div>\n<\/td>\n<\/tr>\n<tr>\n<td width=\"180\" bgcolor=\"#FFFFFF\">\n<div align=\"center\">10h15 \u00e0s 11h15<\/div>\n<\/td>\n<td bgcolor=\"#FFFFFF\"><strong>Inova\u00e7\u00e3o Geof\u00edsica &#8211; Novas Tecnologias pela \u201cDias Geophysical\u201d<\/strong><br \/>DIAS GEOPHYSICAL<\/td>\n<\/tr>\n<\/tbody>\n<\/table>\n<table border=\"0\" cellspacing=\"0\" cellpadding=\"0\">\n<tbody>\n<tr>\n<td colspan=\"2\" bgcolor=\"#6699FF\">\n<div align=\"center\"><strong>AUDIT\u00d3RIO B <\/strong><\/div>\n<\/td>\n<\/tr>\n<tr>\n<td width=\"180\" bgcolor=\"#FFFFFF\">\n<div align=\"center\">09h30 \u00e0s 10h00<\/div>\n<\/td>\n<td bgcolor=\"#FFFFFF\"><strong>Plataforma de Pesquisa e Produ\u00e7\u00e3o Mineral \u2013 P3M \u2013 vers\u00e3o 2.0 &#8211; Avan\u00e7os e Perspectivas<br \/><\/strong>Jos\u00e9 Luciano Stropper \/ Luiz Fernando Barbosa<br \/>SGB<\/td>\n<\/tr>\n<tr>\n<td bgcolor=\"#FFFFFF\">\n<div align=\"center\">10h00 \u00e0s 10h30<\/div>\n<\/td>\n<td bgcolor=\"#FFFFFF\"><strong>Leil\u00e3o dos Ativos Miner\u00e1rios do Servi\u00e7o Geol\u00f3gico do Brasil <\/strong><br \/>Ruben Sardou<br \/>SGB<\/td>\n<\/tr>\n<tr>\n<td bgcolor=\"#FFFFFF\">\n<div align=\"center\">10h30 \u00e0s 11h00<\/div>\n<\/td>\n<td bgcolor=\"#FFFFFF\"><strong>A Retomada da Pesquisa do Ur\u00e2nio pelo Servi\u00e7o Geol\u00f3gico do Brasil: Perspectivas e Potencial <\/strong><br \/>Anderson Dourado Rodrigues<br \/>SGB<\/td>\n<\/tr>\n<\/tbody>\n<\/table>\n[\/et_pb_toggle][\/et_pb_column][\/et_pb_row][\/et_pb_section]\n","protected":false},"excerpt":{"rendered":"<p>Para mais informa\u00e7\u00f5es e reserva de audit\u00f3rio para palestra t\u00e9cnica entrar em contato por meio do e-mail simexmin@adimb.org.br AUDIT\u00d3RIO A 10h15 \u00e0s 11h15 CBPM apresenta: Prov\u00edncia Metalogenetica do Norte da Bahia &#8211; estado da arteEsdras Varj\u00e3o e Luiz Fernando CavalcanteCBPM 14h15 \u00e0s 15h15 Otimiza\u00e7\u00e3o de Custos na Pesquisa Mineral e Modelagem Geol\u00f3gica: A Contribui\u00e7\u00e3o do [&hellip;]<\/p>\n","protected":false},"author":1,"featured_media":0,"parent":0,"menu_order":0,"comment_status":"closed","ping_status":"closed","template":"","meta":{"_et_pb_use_builder":"on","_et_pb_old_content":"","_et_gb_content_width":"","footnotes":""},"class_list":["post-344","page","type-page","status-publish","hentry"],"_links":{"self":[{"href":"https:\/\/simexmin.org.br\/2024\/wp-json\/wp\/v2\/pages\/344","targetHints":{"allow":["GET"]}}],"collection":[{"href":"https:\/\/simexmin.org.br\/2024\/wp-json\/wp\/v2\/pages"}],"about":[{"href":"https:\/\/simexmin.org.br\/2024\/wp-json\/wp\/v2\/types\/page"}],"author":[{"embeddable":true,"href":"https:\/\/simexmin.org.br\/2024\/wp-json\/wp\/v2\/users\/1"}],"replies":[{"embeddable":true,"href":"https:\/\/simexmin.org.br\/2024\/wp-json\/wp\/v2\/comments?post=344"}],"version-history":[{"count":20,"href":"https:\/\/simexmin.org.br\/2024\/wp-json\/wp\/v2\/pages\/344\/revisions"}],"predecessor-version":[{"id":872,"href":"https:\/\/simexmin.org.br\/2024\/wp-json\/wp\/v2\/pages\/344\/revisions\/872"}],"wp:attachment":[{"href":"https:\/\/simexmin.org.br\/2024\/wp-json\/wp\/v2\/media?parent=344"}],"curies":[{"name":"wp","href":"https:\/\/api.w.org\/{rel}","templated":true}]}}