{"id":567,"date":"2024-03-27T15:00:07","date_gmt":"2024-03-27T15:00:07","guid":{"rendered":"https:\/\/simexmin.org.br\/2024ing\/?page_id=567"},"modified":"2024-06-12T14:11:51","modified_gmt":"2024-06-12T14:11:51","slug":"programa-dia20","status":"publish","type":"page","link":"https:\/\/simexmin.org.br\/2024ing\/programa-dia20\/","title":{"rendered":"PROGRAMA-DIA20"},"content":{"rendered":"[et_pb_section fb_built=&#8221;1&#8243; fullwidth=&#8221;on&#8221; _builder_version=&#8221;4.23.1&#8243; _module_preset=&#8221;default&#8221; bottom_divider_style=&#8221;arrow2&#8243; bottom_divider_color=&#8221;#fbfae8&#8243; bottom_divider_height=&#8221;50px&#8221; global_colors_info=&#8221;{}&#8221;][et_pb_fullwidth_header title=&#8221;OFFICIAL PROGRAM&#8221; _builder_version=&#8221;4.24.2&#8243; _module_preset=&#8221;default&#8221; title_font=&#8221;|800|||||||&#8221; title_text_align=&#8221;center&#8221; title_font_size=&#8221;48px&#8221; background_color=&#8221;#DB6C00&#8243; background_image=&#8221;https:\/\/simexmin.org.br\/2024ing\/wp-content\/uploads\/2023\/11\/topo-pag-internas.jpg&#8221; custom_padding=&#8221;46px||40px|||&#8221; title_font_size_tablet=&#8221;48px&#8221; title_font_size_phone=&#8221;33px&#8221; title_font_size_last_edited=&#8221;on|phone&#8221; title_text_shadow_style=&#8221;preset2&#8243; global_colors_info=&#8221;{}&#8221;][\/et_pb_fullwidth_header][\/et_pb_section][et_pb_section fb_built=&#8221;1&#8243; _builder_version=&#8221;4.23.1&#8243; _module_preset=&#8221;default&#8221; background_image=&#8221;https:\/\/simexmin.org.br\/2024ing\/wp-content\/uploads\/2023\/11\/bg-curvas-bege.jpg&#8221; parallax=&#8221;on&#8221; parallax_method=&#8221;off&#8221; background_blend=&#8221;multiply&#8221; global_colors_info=&#8221;{}&#8221;][et_pb_row _builder_version=&#8221;4.16&#8243; _module_preset=&#8221;default&#8221; global_colors_info=&#8221;{}&#8221;][et_pb_column type=&#8221;4_4&#8243; _builder_version=&#8221;4.16&#8243; _module_preset=&#8221;default&#8221; global_colors_info=&#8221;{}&#8221;][et_pb_text admin_label=&#8221;Segunda-feira &#8211; 20 de maio &#8211; manh\u00e3&#8221; _builder_version=&#8221;4.24.2&#8243; _module_preset=&#8221;default&#8221; text_text_color=&#8221;#000000&#8243; text_font_size=&#8221;24px&#8221; header_font=&#8221;|700|||||||&#8221; header_text_color=&#8221;#FFFFFF&#8221; background_color=&#8221;#0D7366&#8243; custom_margin=&#8221;||||true|false&#8221; custom_padding=&#8221;15px|15px|5px|15px|false|true&#8221; global_colors_info=&#8221;{}&#8221;]\n<h1 style=\"text-align: center;\"><strong>Monday \u2013 May 20th, 2024 &#8211; morning <\/strong><\/h1>\n[\/et_pb_text][et_pb_text admin_label=&#8221;Abertura\/Opening : Marcos Andr\u00e9 Gon\u00e7alves (Presidente &#8211; ADIMB) &#8221; _builder_version=&#8221;4.24.2&#8243; _module_preset=&#8221;default&#8221; global_colors_info=&#8221;{}&#8221;]\n<p><strong>Opening:<\/strong> Marcos Andr\u00e9 Gon\u00e7alves (President\/ADIMB)<\/p>\n[\/et_pb_text][et_pb_text admin_label=&#8221;Palestra&#8221; _builder_version=&#8221;4.24.2&#8243; _module_preset=&#8221;default&#8221; link_font=&#8221;||||on||||&#8221; link_text_color=&#8221;#002A54&#8243; hover_enabled=&#8221;0&#8243; global_colors_info=&#8221;{}&#8221; z_index=&#8221;56&#8243; sticky_enabled=&#8221;0&#8243;]\n<table border=\"1\" cellspacing=\"0\" cellpadding=\"0\" align=\"left\">\n<tbody>\n<tr>\n<td bgcolor=\"#FFCC99\" width=\"180\">\n<p align=\"center\">09:00 \u2013 09:30<br \/><strong>Keynote Speaker<\/strong><\/p>\n<\/td>\n<td bgcolor=\"#FFCC99\"><strong><a href=\"https:\/\/simexmin.org.br\/2024ing\/wp-content\/uploads\/2024\/06\/09h-Adam-Simon-Palestra-1.pdf\" target=\"_blank\" rel=\"noopener\">Critical Mineral Resources for the Green Energy Transition: Are They Available?<\/a><br \/><\/strong>Adam Simon<br \/>SEG &#8211; Distinguished Lecturer<br \/>Earth and Environmental Sciences at the University of Michigan, USA<\/td>\n<\/tr>\n<\/tbody>\n<\/table>\n[\/et_pb_text][et_pb_text admin_label=&#8221;1. PAINEL: O SETOR MINERAL BRASILEIRO: PERSPECTIVAS P\u00daBLICAS E PRIVADAS&#8221; _builder_version=&#8221;4.24.2&#8243; _module_preset=&#8221;default&#8221; global_colors_info=&#8221;{}&#8221;]\n<h3><strong>1. PANEL: THE BRAZILIAN MINING SECTOR: PERSPECTIVES FROM THE PUBLIC AND PRIVATE PLAYERS<\/strong><\/h3>\n<p>Moderator: <strong>Marcos Andr\u00e9 Gon\u00e7alves<\/strong> (President &#8211; ADIMB)<\/p>\n[\/et_pb_text][et_pb_text _builder_version=&#8221;4.24.2&#8243; _module_preset=&#8221;default&#8221; link_font=&#8221;||||on||||&#8221; link_text_color=&#8221;#DB6C00&#8243; global_colors_info=&#8221;{}&#8221;]\n<table border=\"1\" cellspacing=\"0\" cellpadding=\"0\">\n<tbody>\n<tr>\n<td rowspan=\"4\" bgcolor=\"#FFFFFF\" width=\"180\">09:30 \u2013 10:30<\/td>\n<td bgcolor=\"#FFFFFF\"><a href=\"https:\/\/simexmin.org.br\/2024ing\/wp-content\/uploads\/2024\/06\/20-09h50-Minerais-criticos-Rodrigo-Toledo-Cota.pdf\" target=\"_blank\" rel=\"noopener\"><strong>National Secretariat of Geology, Mining and Mineral Transformation\/MME<\/strong><\/a><br \/>Rodrigo Toledo Cabral Cota<br \/>Director<\/td>\n<\/tr>\n<tr>\n<td bgcolor=\"#FFFFCC\"><strong>Anglo American<\/strong><br \/>Rodrigo Martins<br \/>Brazil Exploration General Manager<\/td>\n<\/tr>\n<tr>\n<td valign=\"top\" bgcolor=\"#FFFFFF\"><strong>National Mining Agency<br \/><\/strong>Mauro Henrique Moreira Sousa<br \/><span style=\"font-family: inherit; font-size: inherit;\">General Director<\/span><\/td>\n<\/tr>\n<tr>\n<td bgcolor=\"#FFFFCC\"><strong>Caputo &amp; Bastos e Serra Advogados<br \/><\/strong>Frederico Bedran de Oliveira<br \/>Lawyer and Geologist<\/td>\n<\/tr>\n<\/tbody>\n<\/table>\n[\/et_pb_text][et_pb_text admin_label=&#8221;COFFEE BREAK \u2013 10:30-10:50&#8243; _builder_version=&#8221;4.24.2&#8243; _module_preset=&#8221;default&#8221; background_color=&#8221;#d3f2b3&#8243; text_orientation=&#8221;center&#8221; custom_padding=&#8221;10px||10px||true|false&#8221; global_colors_info=&#8221;{}&#8221;]\n<p><strong>COFFEE BREAK \u2013 10:30 \u2013 10:50<\/strong><\/p>\n[\/et_pb_text][et_pb_text admin_label=&#8221;2. A PRODU\u00c7\u00c3O E O POTENCIAL GEOL\u00d3GICO DE MINERAIS ESTRAT\u00c9GICOS NO BRASIL&#8221; _builder_version=&#8221;4.24.2&#8243; _module_preset=&#8221;default&#8221; global_colors_info=&#8221;{}&#8221;]\n<h3><strong>2. PRODUCTION AND THE GEOLOGICAL POTENTIAL FOR STRATEGIC\/CRITICAL MINERAL DEPOSITS IN BRAZIL <\/strong><\/h3>\n<p>Moderator: <strong>Roberto Perez Xavier<\/strong> (Executive Director\/ADIMB)<\/p>\n[\/et_pb_text][et_pb_text _builder_version=&#8221;4.24.2&#8243; _module_preset=&#8221;default&#8221; text_font=&#8221;||||||||&#8221; link_font=&#8221;||||on|||#DB6C00|&#8221; link_text_color=&#8221;#DB6C00&#8243; global_colors_info=&#8221;{}&#8221;]\n<table border=\"1\" cellspacing=\"0\" cellpadding=\"0\">\n<tbody>\n<tr>\n<td bgcolor=\"#FFFFFF\" width=\"180\">\n<div align=\"center\">10:50 \u2013 11:10<\/div>\n<\/td>\n<td bgcolor=\"#FFFFFF\"><strong><a href=\"https:\/\/simexmin.org.br\/2024ing\/wp-content\/uploads\/2024\/06\/10h50-GuilhermerFerreira_dia20_1050h_SIMEXMIN2024.pdf\" target=\"_blank\" rel=\"noopener\">Production and geological potential of strategic minerals in Brazil<\/a><br \/><\/strong><span style=\"font-size: 19px;\">Guilherme Ferreira da Silva<br \/><\/span><span style=\"font-size: 19px;\">Division of Economic Geology &#8211; Brazilian Geological Survey (SGB)<\/span><\/td>\n<\/tr>\n<tr>\n<td bgcolor=\"#eeeeee\" width=\"180\">\n<p align=\"center\">11:10 \u2013 11:15<\/p>\n<\/td>\n<td bgcolor=\"#eeeeee\">Q&amp;A<\/td>\n<\/tr>\n<tr>\n<td bgcolor=\"#FFFFFF\" width=\"180\">\n<p align=\"center\">11:15 \u2013 11:30<\/p>\n<\/td>\n<td bgcolor=\"#FFFFFF\"><strong><a href=\"https:\/\/simexmin.org.br\/2024ing\/wp-content\/uploads\/2024\/06\/20-11h15-Minerais-para-Materiais-Marcio-Goto.pdf\" target=\"_blank\" rel=\"noopener\">Commodity market for strategic minerals<\/a><br \/><\/strong>Marcio Goto<br \/><span style=\"font-size: 19px;\">Business Development, Latin America\/Project Blue<\/span><\/td>\n<\/tr>\n<tr bgcolor=\"#eeeeee\">\n<td width=\"180\">\n<p align=\"center\">11:30 \u2013 11:35<\/p>\n<\/td>\n<td>Q&amp;A<\/td>\n<\/tr>\n<tr>\n<td bgcolor=\"#FFFFFF\" width=\"180\">\n<p align=\"center\">11:35 \u2013 11:50<\/p>\n<\/td>\n<td valign=\"top\" bgcolor=\"#FFFFFF\"><strong><a href=\"https:\/\/simexmin.org.br\/2024ing\/wp-content\/uploads\/2024\/06\/20-11h35-URANIO-NO-BRASIL-Francisco-Javier-Rios.pdf\" target=\"_blank\" rel=\"noopener\">Uranium deposits and resources in Brazil<\/a><br \/><\/strong><span style=\"font-size: 19px;\">Francisco Javier Rios<br \/><\/span>Senior Researcher\/Nuclear Technology Development Center (CDTN)<\/td>\n<\/tr>\n<tr bgcolor=\"#eeeeee\">\n<td width=\"180\">\n<p align=\"center\">11:50 \u2013 11:55<\/p>\n<\/td>\n<td>Q&amp;A<\/td>\n<\/tr>\n<tr>\n<td bgcolor=\"#FFFFFF\" width=\"180\">\n<p align=\"center\">11:55 \u2013 12:10<\/p>\n<\/td>\n<td bgcolor=\"#FFFFFF\"><strong><a href=\"https:\/\/simexmin.org.br\/2024ing\/wp-content\/uploads\/2024\/06\/11h55-Debora-Matos_Grafita.pdf\" target=\"_blank\" rel=\"noopener\">Graphite deposits and mining in Brazil<\/a><br \/><\/strong>D\u00e9bora Rabelo Matos<br \/>Researcher in Geosciences\/Brazilian Geological Survey (SGB)<\/td>\n<\/tr>\n<tr bgcolor=\"#eeeeee\">\n<td width=\"180\">\n<p align=\"center\">12:10 \u2013 12:15<\/p>\n<\/td>\n<td>Q&amp;A<\/td>\n<\/tr>\n<tr>\n<td bgcolor=\"#FFFFFF\" width=\"180\">\n<p align=\"center\">12:15 \u2013 12:30<\/p>\n<\/td>\n<td bgcolor=\"#FFFFFF\"><strong><a href=\"https:\/\/simexmin.org.br\/2024ing\/wp-content\/uploads\/2024\/06\/20-12h50-Fase-atual-do-Projeto-Jaguar-de-Sulfeto-de-Niquel-Gaudius-Montresor.pdf\" target=\"_blank\" rel=\"noopener\">Development and current stage of the Jaguar Nickel Sulfide Project, Caraj\u00e1s Mineral Province (PA)<\/a><br \/><\/strong><span style=\"font-size: 19px;\">Gaudius Montresor<br \/><\/span>Exploration Manager\/Centaurus Metals<\/td>\n<\/tr>\n<tr bgcolor=\"#eeeeee\">\n<td width=\"180\">\n<p align=\"center\">12:30 \u2013 12:35<\/p>\n<\/td>\n<td>Q&amp;A<\/td>\n<\/tr>\n<\/tbody>\n<\/table>\n<p>&nbsp;<\/p>\n[\/et_pb_text][et_pb_text admin_label=&#8221;12:35 \u2013 14:30: ALMO\u00c7O&#8221; _builder_version=&#8221;4.24.2&#8243; _module_preset=&#8221;default&#8221; background_color=&#8221;#d3f2b3&#8243; text_orientation=&#8221;center&#8221; custom_padding=&#8221;10px||10px||true|false&#8221; global_colors_info=&#8221;{}&#8221;]\n<p><strong>LUNCH BREAK \u2013 12:35 \u2013 14:30<\/strong><\/p>\n[\/et_pb_text][et_pb_text admin_label=&#8221;Segunda-feira &#8211; 20 de maio de 2024 &#8211; TARDE&#8221; _builder_version=&#8221;4.24.2&#8243; _module_preset=&#8221;default&#8221; text_text_color=&#8221;#000000&#8243; text_font_size=&#8221;24px&#8221; header_font=&#8221;|700|||||||&#8221; header_text_color=&#8221;#FFFFFF&#8221; background_color=&#8221;#3F5E80&#8243; custom_margin=&#8221;||||true|false&#8221; custom_padding=&#8221;15px|15px|5px|15px|false|true&#8221; global_colors_info=&#8221;{}&#8221;]\n<h1 style=\"text-align: center;\">Monday \u2013 May 20th, 2024 &#8211; afternoon<\/h1>\n[\/et_pb_text][et_pb_text admin_label=&#8221;3. SUSTENTABILIDADE AMBIENTAL, SOCIAL E GOVERNAN\u00c7A (ESG) NO SETOR MINERAL: DESENVOLVIMENTO E RISCOS&#8221; _builder_version=&#8221;4.24.2&#8243; _module_preset=&#8221;default&#8221; global_colors_info=&#8221;{}&#8221;]\n<h3><strong>3. ESG IN THE MINERAL SECTOR: MAJOR DEVELOPMENTS AND RISKS<\/strong><\/h3>\n<p>Moderator: <strong>Patricia Proc\u00f3pio<\/strong> (Director of Planning and Innovation\/Hexagon)<\/p>\n[\/et_pb_text][et_pb_text _builder_version=&#8221;4.24.2&#8243; _module_preset=&#8221;default&#8221; link_font=&#8221;||||on||||&#8221; link_text_color=&#8221;#DB6C00&#8243; global_colors_info=&#8221;{}&#8221;]\n<table border=\"1\" cellspacing=\"0\" cellpadding=\"0\">\n<tbody>\n<tr>\n<td bgcolor=\"#FFFFFF\" width=\"180\">\n<p align=\"center\">14:30 \u2013 14:45<\/p>\n<\/td>\n<td bgcolor=\"#FFFFFF\"><strong><a href=\"https:\/\/simexmin.org.br\/2024ing\/wp-content\/uploads\/2024\/06\/14h30-SIMEXMIN-2024-Ana-Muniz-ESG.pdf\" target=\"_blank\" rel=\"noopener\">ESG as a driver for mitigating the socio-environmental and economic impacts of the mining sector<\/a><br \/><\/strong>Ana Carolina Muniz<br \/>Manager\/<span style=\"font-size: 19px;\">Alvarez &amp; Marsal<\/span><\/td>\n<\/tr>\n<tr>\n<td bgcolor=\"#eeeeee\" width=\"180\">\n<p align=\"center\">14: 45 \u2013 14:50<\/p>\n<\/td>\n<td bgcolor=\"#eeeeee\">Q&amp;A<\/td>\n<\/tr>\n<tr>\n<td bgcolor=\"#FFFFFF\" width=\"180\">\n<p align=\"center\">14:50 \u2013 15:05<\/p>\n<\/td>\n<td bgcolor=\"#FFFFFF\"><strong><a href=\"https:\/\/simexmin.org.br\/2024ing\/wp-content\/uploads\/2024\/06\/20-14h50-Dialogos-que-Transformam-Daniela_villar.pdf\" target=\"_blank\" rel=\"noopener\">Dialogues that Transform: Relationships through sustainable communication<\/a><br \/><\/strong>Daniela Villar<br \/>Managing Partner\/Nano Biztools<\/td>\n<\/tr>\n<tr>\n<td bgcolor=\"#eeeeee\" width=\"180\">\n<p align=\"center\">15:05 \u2013 15:10<\/p>\n<\/td>\n<td bgcolor=\"#eeeeee\">Q&amp;A<\/td>\n<\/tr>\n<tr>\n<td bgcolor=\"#FFFFFF\" width=\"180\">\n<p align=\"center\">15:10\u2013 15:25<\/p>\n<\/td>\n<td bgcolor=\"#FFFFFF\"><strong>S in ESG: multidisciplinary and intersectional perspectives on the diversity and inclusion agenda of the mining sector<br \/><\/strong>Camila Silva<br \/>Specialist in Social Responsibility, Project Management, Diversity &amp; Inclusion\/Coletivo Quantos<\/td>\n<\/tr>\n<tr>\n<td bgcolor=\"#eeeeee\" width=\"180\">\n<p align=\"center\">15:25 \u2013 15:30<\/p>\n<\/td>\n<td bgcolor=\"#eeeeee\">Q&amp;A<\/td>\n<\/tr>\n<\/tbody>\n<\/table>\n[\/et_pb_text][et_pb_text admin_label=&#8221;Palestra&#8221; _builder_version=&#8221;4.24.2&#8243; _module_preset=&#8221;default&#8221; link_font=&#8221;||||on||||&#8221; link_text_color=&#8221;#0D7366&#8243; global_colors_info=&#8221;{}&#8221;]\n<table border=\"1\" cellspacing=\"0\" cellpadding=\"0\" align=\"left\">\n<tbody>\n<tr>\n<td bgcolor=\"#FFCC99\" width=\"180\">\n<p align=\"center\">15:30 \u2013 16:00<br \/><strong>Keynote Speaker<\/strong><\/p>\n<\/td>\n<td bgcolor=\"#FFCC99\"><strong>From Data Lake to Target: Case Studies of Applying Artificial Intelligence in Mineral Exploration<br \/><\/strong>Charles Rezende Freitas<br \/>Executive Director\/GE21 Geotecnologias<\/td>\n<\/tr>\n<\/tbody>\n<\/table>\n[\/et_pb_text][et_pb_text admin_label=&#8221;COFFEE BREAK \u2013 16:00-16:20&#8243; _builder_version=&#8221;4.24.2&#8243; _module_preset=&#8221;default&#8221; background_color=&#8221;RGBA(255,255,255,0)&#8221; text_orientation=&#8221;center&#8221; custom_margin=&#8221;||||false|false&#8221; custom_padding=&#8221;10px||10px||false|false&#8221; global_colors_info=&#8221;{}&#8221;][\/et_pb_text][et_pb_text admin_label=&#8221;COFFEE BREAK \u2013 16:00-16:20&#8243; _builder_version=&#8221;4.24.2&#8243; _module_preset=&#8221;default&#8221; background_color=&#8221;#d3f2b3&#8243; text_orientation=&#8221;center&#8221; custom_margin=&#8221;122px||||false|false&#8221; custom_padding=&#8221;10px||10px||false|false&#8221; global_colors_info=&#8221;{}&#8221;]\n<p><strong>COFFEE BREAK \u2013 16:00-16:20<\/strong><\/p>\n[\/et_pb_text][et_pb_text admin_label=&#8221;4. INOVA\u00c7\u00d5ES EM M\u00c9TODOS APLICADOS \u00c0 PESQUISA MINERAL E GEOMETALURGIA&#8221; _builder_version=&#8221;4.24.2&#8243; _module_preset=&#8221;default&#8221; global_colors_info=&#8221;{}&#8221;]\n<h3><strong>4. BREAKTHROUGH INNOVATIVE METHODS FOR MINERAL EXPLORATION AND GEOMETALLURGY<\/strong><\/h3>\n<p>Moderator: <strong>Mariana Brando Soares<\/strong> (Department of Applied Geology\/UERJ)<\/p>\n[\/et_pb_text][et_pb_text _builder_version=&#8221;4.24.2&#8243; _module_preset=&#8221;default&#8221; link_font=&#8221;||||on||||&#8221; link_text_color=&#8221;#DB6C00&#8243; global_colors_info=&#8221;{}&#8221;]\n<table border=\"1\" cellspacing=\"0\" cellpadding=\"0\">\n<tbody>\n<tr>\n<td valign=\"top\" bgcolor=\"#FFFFFF\" width=\"180\">\n<p align=\"center\">16:20 \u2013 16:35<\/p>\n<\/td>\n<td valign=\"top\" bgcolor=\"#FFFFFF\"><strong><a href=\"https:\/\/simexmin.org.br\/2024ing\/wp-content\/uploads\/2024\/06\/16h20-Simexmin_ALSGoldSpot_Bluemel.pdf\" target=\"_blank\" rel=\"noopener\">Innovation, Integration, and Predictive Analytics to Improve Rock Characterization and Optimize Decision-Making<\/a><br \/><\/strong>Britt Bluemel<br \/>Senior Geochemist\/ALS\/GoldSpots<\/td>\n<\/tr>\n<tr>\n<td valign=\"top\" bgcolor=\"#eeeeee\" width=\"180\">\n<p align=\"center\">16:35 \u2013 16:40<\/p>\n<\/td>\n<td valign=\"top\" bgcolor=\"#eeeeee\">Q&amp;A<\/td>\n<\/tr>\n<tr>\n<td valign=\"top\" bgcolor=\"#FFFFFF\" width=\"180\">\n<p align=\"center\">16:40 \u2013 16:55<\/p>\n<\/td>\n<td valign=\"top\" bgcolor=\"#FFFFFF\"><strong><a href=\"https:\/\/simexmin.org.br\/2024ing\/wp-content\/uploads\/2024\/06\/16h40-Simexmin-May-2024-2-Fernanda-Bretas.pdf\" target=\"_blank\" rel=\"noopener\">Artificial Intelligence applied to the development of a lithogeochemical model of the Castelo de Sonhos gold paleoplacer deposit (PA)<\/a><br \/><\/strong>Fernanda Bretas<br \/>Project Development Manager\/TriStar Gold Inc.<\/td>\n<\/tr>\n<tr>\n<td valign=\"top\" bgcolor=\"#eeeeee\" width=\"180\">\n<p align=\"center\">16:55 \u2013 17:00<\/p>\n<\/td>\n<td valign=\"top\" bgcolor=\"#eeeeee\">Q&amp;A<\/td>\n<\/tr>\n<tr>\n<td valign=\"top\" bgcolor=\"#FFFFFF\" width=\"180\">\n<p align=\"center\">17:00 \u2013 17:15<\/p>\n<\/td>\n<td valign=\"top\" bgcolor=\"#FFFFFF\"><strong><a href=\"https:\/\/simexmin.org.br\/2024ing\/wp-content\/uploads\/2024\/06\/17h-Geomet-na-exploracao-mineral_Mariana-Gazire-Lemos-SIMEXMIN-2024.pdf\" target=\"_blank\" rel=\"noopener\">The role of Geometallurgy in the sustainability of early to late-stage exploration projects<\/a><br \/><\/strong>Mariana Gazire Lemos<br \/>Geometallurgy Specialist\/AngloGold Ashanti<\/td>\n<\/tr>\n<tr>\n<td valign=\"top\" bgcolor=\"#eeeeee\" width=\"180\">\n<p align=\"center\">17:15 \u2013 17:20<\/p>\n<\/td>\n<td valign=\"top\" bgcolor=\"#eeeeee\">Q&amp;A<\/td>\n<\/tr>\n<tr>\n<td valign=\"top\" bgcolor=\"#FFFFFF\" width=\"180\">\n<p align=\"center\">17:20 \u2013 17:35<\/p>\n<\/td>\n<td valign=\"top\" bgcolor=\"#FFFFFF\"><strong><a href=\"https:\/\/simexmin.org.br\/2024ing\/wp-content\/uploads\/2024\/06\/17h20-Fonteneau-SIMEXMIN-2024.pdf\" target=\"_blank\" rel=\"noopener\">Application of Hiperspectral Mineralogy to Mineral Exploration (iron ore and base metals)<\/a><br \/><\/strong>Lionel Fonteneau<br \/>Global Principal Spectral Geologist\/Epiroc\/Corescan<\/td>\n<\/tr>\n<tr>\n<td valign=\"top\" bgcolor=\"#eeeeee\" width=\"180\">\n<p align=\"center\">17:35 \u2013 17:40<\/p>\n<\/td>\n<td valign=\"top\" bgcolor=\"#eeeeee\">Q&amp;A<\/td>\n<\/tr>\n<\/tbody>\n<\/table>\n[\/et_pb_text][\/et_pb_column][\/et_pb_row][\/et_pb_section]\n","protected":false},"excerpt":{"rendered":"<p>Monday \u2013 May 20th, 2024 &#8211; morning Opening: Marcos Andr\u00e9 Gon\u00e7alves (President\/ADIMB) 09:00 \u2013 09:30Keynote Speaker Critical Mineral Resources for the Green Energy Transition: Are They Available?Adam SimonSEG &#8211; Distinguished LecturerEarth and Environmental Sciences at the University of Michigan, USA 1. PANEL: THE BRAZILIAN MINING SECTOR: PERSPECTIVES FROM THE PUBLIC AND PRIVATE PLAYERS Moderator: Marcos [&hellip;]<\/p>\n","protected":false},"author":1,"featured_media":0,"parent":0,"menu_order":0,"comment_status":"closed","ping_status":"closed","template":"","meta":{"_et_pb_use_builder":"on","_et_pb_old_content":"","_et_gb_content_width":"","footnotes":""},"class_list":["post-567","page","type-page","status-publish","hentry"],"_links":{"self":[{"href":"https:\/\/simexmin.org.br\/2024ing\/wp-json\/wp\/v2\/pages\/567","targetHints":{"allow":["GET"]}}],"collection":[{"href":"https:\/\/simexmin.org.br\/2024ing\/wp-json\/wp\/v2\/pages"}],"about":[{"href":"https:\/\/simexmin.org.br\/2024ing\/wp-json\/wp\/v2\/types\/page"}],"author":[{"embeddable":true,"href":"https:\/\/simexmin.org.br\/2024ing\/wp-json\/wp\/v2\/users\/1"}],"replies":[{"embeddable":true,"href":"https:\/\/simexmin.org.br\/2024ing\/wp-json\/wp\/v2\/comments?post=567"}],"version-history":[{"count":26,"href":"https:\/\/simexmin.org.br\/2024ing\/wp-json\/wp\/v2\/pages\/567\/revisions"}],"predecessor-version":[{"id":807,"href":"https:\/\/simexmin.org.br\/2024ing\/wp-json\/wp\/v2\/pages\/567\/revisions\/807"}],"wp:attachment":[{"href":"https:\/\/simexmin.org.br\/2024ing\/wp-json\/wp\/v2\/media?parent=567"}],"curies":[{"name":"wp","href":"https:\/\/api.w.org\/{rel}","templated":true}]}}