{"id":573,"date":"2024-03-27T15:08:38","date_gmt":"2024-03-27T15:08:38","guid":{"rendered":"https:\/\/simexmin.org.br\/2024ing\/?page_id=573"},"modified":"2024-06-12T14:03:39","modified_gmt":"2024-06-12T14:03:39","slug":"programa-dia21","status":"publish","type":"page","link":"https:\/\/simexmin.org.br\/2024ing\/programa-dia21\/","title":{"rendered":"PROGRAMA-DIA21"},"content":{"rendered":"[et_pb_section fb_built=&#8221;1&#8243; fullwidth=&#8221;on&#8221; _builder_version=&#8221;4.23.1&#8243; _module_preset=&#8221;default&#8221; bottom_divider_style=&#8221;arrow2&#8243; bottom_divider_color=&#8221;#fbfae8&#8243; bottom_divider_height=&#8221;50px&#8221; global_colors_info=&#8221;{}&#8221;][et_pb_fullwidth_header title=&#8221;OFFICIAL PROGRAM&#8221; _builder_version=&#8221;4.24.2&#8243; _module_preset=&#8221;default&#8221; title_font=&#8221;|800|||||||&#8221; title_text_align=&#8221;center&#8221; title_font_size=&#8221;48px&#8221; background_color=&#8221;#DB6C00&#8243; background_image=&#8221;https:\/\/simexmin.org.br\/2024ing\/wp-content\/uploads\/2023\/11\/topo-pag-internas.jpg&#8221; custom_padding=&#8221;46px||40px|||&#8221; title_font_size_tablet=&#8221;48px&#8221; title_font_size_phone=&#8221;33px&#8221; title_font_size_last_edited=&#8221;on|phone&#8221; title_text_shadow_style=&#8221;preset2&#8243; global_colors_info=&#8221;{}&#8221;][\/et_pb_fullwidth_header][\/et_pb_section][et_pb_section fb_built=&#8221;1&#8243; _builder_version=&#8221;4.23.1&#8243; _module_preset=&#8221;default&#8221; background_image=&#8221;https:\/\/simexmin.org.br\/2024ing\/wp-content\/uploads\/2023\/11\/bg-curvas-bege.jpg&#8221; parallax=&#8221;on&#8221; parallax_method=&#8221;off&#8221; background_blend=&#8221;multiply&#8221; global_colors_info=&#8221;{}&#8221;][et_pb_row _builder_version=&#8221;4.16&#8243; _module_preset=&#8221;default&#8221; global_colors_info=&#8221;{}&#8221;][et_pb_column type=&#8221;4_4&#8243; _builder_version=&#8221;4.16&#8243; _module_preset=&#8221;default&#8221; global_colors_info=&#8221;{}&#8221;][et_pb_text admin_label=&#8221;Ter\u00e7a-feira &#8211; 21 de maio &#8211; manh\u00e3&#8221; _builder_version=&#8221;4.24.2&#8243; _module_preset=&#8221;default&#8221; text_text_color=&#8221;#000000&#8243; text_font_size=&#8221;24px&#8221; header_font=&#8221;|700|||||||&#8221; header_text_color=&#8221;#FFFFFF&#8221; background_color=&#8221;#0D7366&#8243; custom_margin=&#8221;||||true|false&#8221; custom_padding=&#8221;15px|15px|5px|15px|false|true&#8221; global_colors_info=&#8221;{}&#8221;]\n<h1 style=\"text-align: center;\">Tuesday \u2013 May 21st , 2024 &#8211; morning<\/h1>\n[\/et_pb_text][et_pb_text admin_label=&#8221;5. A PESQUISA EM MINERAIS ESTRAT\u00c9GICOS NO BRASIL: AVAN\u00c7OS E NOVAS FONTES ALTERNATIVAS&#8221; _builder_version=&#8221;4.24.2&#8243; _module_preset=&#8221;default&#8221; global_colors_info=&#8221;{}&#8221;]\n<h3><strong>5. STRATEGIC\/CRITICAL MINERALS RESEARCH IN BRAZIL: ADVANCES AND NEW ALTERNATIVE SOURCES<\/strong><\/h3>\n<p>Moderator: <strong>Henrique Portella<\/strong> (Senior Manager in Geosciences Latam\/Anglo Gold Ashanti)<\/p>\n[\/et_pb_text][et_pb_text admin_label=&#8221;Palestra&#8221; _builder_version=&#8221;4.24.2&#8243; _module_preset=&#8221;default&#8221; link_font=&#8221;||||on||||&#8221; link_text_color=&#8221;#002A54&#8243; hover_enabled=&#8221;0&#8243; global_colors_info=&#8221;{}&#8221; sticky_enabled=&#8221;0&#8243;]\n<table border=\"1\" cellspacing=\"0\" cellpadding=\"0\">\n<tbody>\n<tr>\n<td style=\"text-align: center;\" valign=\"top\" bgcolor=\"#FFCC99\" width=\"180\">09:00 \u2013 09:30<br \/><strong>Keynote Speaker<\/strong><\/td>\n<td valign=\"top\" bgcolor=\"#FFCC99\"><strong><a href=\"https:\/\/simexmin.org.br\/2024ing\/wp-content\/uploads\/2024\/06\/21-09h00-Critical-minerals-and-rare-earths-Mark-Noppe.pdf\" target=\"_blank\" rel=\"noopener\">Critical minerals and rare earths: lessons from Australia to support the global energy transition<\/a><br \/><\/strong>Mark Nopp\u00e9<br \/>WH Bryan Mining Geology Research Centre\/Director<br \/>The university of Queensland (Australia)<\/td>\n<\/tr>\n<\/tbody>\n<\/table>\n[\/et_pb_text][et_pb_text _builder_version=&#8221;4.24.2&#8243; _module_preset=&#8221;default&#8221; link_font=&#8221;||||on||||&#8221; link_text_color=&#8221;#DB6C00&#8243; hover_enabled=&#8221;0&#8243; global_colors_info=&#8221;{}&#8221; sticky_enabled=&#8221;0&#8243;]\n<table border=\"1\" cellspacing=\"0\" cellpadding=\"0\">\n<tbody>\n<tr>\n<td valign=\"top\" bgcolor=\"#FFFFFF\" width=\"180\">09:30 \u2013 09:45<\/td>\n<td valign=\"top\" bgcolor=\"#FFFFFF\"><strong><a href=\"https:\/\/simexmin.org.br\/2024ing\/wp-content\/uploads\/2024\/06\/21-09h30-A-new-tier-MATEUS-DIAS-OLIVEIRA.pdf\" target=\"_blank\" rel=\"noopener\">A new Tier 1 Rare Earth Province in the Jequi\u00e9 Block, Northeastern S\u00e3o Francisco Craton<\/a><br \/><\/strong>Matheus Dias Oliveira<br \/>Minera\u00e7\u00e3o Borborema<\/td>\n<\/tr>\n<tr>\n<td valign=\"top\" bgcolor=\"#eeeeee\" width=\"180\">09:45 \u2013 09:50<\/td>\n<td valign=\"top\" bgcolor=\"#eeeeee\">Q&amp;A<\/td>\n<\/tr>\n<tr>\n<td valign=\"top\" bgcolor=\"#FFFFFF\" width=\"180\">09:50 \u2013 10:05<\/td>\n<td valign=\"top\" bgcolor=\"#FFFFFF\"><strong><a href=\"https:\/\/simexmin.org.br\/2024ing\/wp-content\/uploads\/2024\/06\/9h50-A-Jazida-de-Bauxita-de-Barro-Alto-GO-Geologia-e-significado-economico.pdf\" target=\"_blank\" rel=\"noopener\">The Barro Alto Bauxite Deposit \u2013 GO: Geology and economic significance<\/a><br \/><\/strong>Lucas Portes Ramos<br \/>Geologist\/Terra Goyana<\/td>\n<\/tr>\n<tr>\n<td valign=\"top\" bgcolor=\"#eeeeee\" width=\"180\">10:05 \u2013 10:10<\/td>\n<td valign=\"top\" bgcolor=\"#eeeeee\">Q&amp;A<\/td>\n<\/tr>\n<tr>\n<td valign=\"top\" bgcolor=\"#FFFFFF\" width=\"180\">10:10 \u2013 10:25<\/td>\n<td valign=\"top\" bgcolor=\"#FFFFFF\"><strong><a href=\"https:\/\/simexmin.org.br\/2024ing\/wp-content\/uploads\/2024\/06\/10h10-Simexmin-2024.pdf\" target=\"_blank\" rel=\"noopener\">The Caldeira Deposit &#8211; Ionic Clays in Po\u00e7os de Caldas &#8211; MG<\/a><br \/><\/strong><span style=\"font-size: 19px;\">Marcelo Carvalho<br \/><\/span>Executive Director \/Meteoric Resources<\/td>\n<\/tr>\n<tr>\n<td valign=\"top\" bgcolor=\"#eeeeee\" width=\"180\">10:25 \u2013 10:30<\/td>\n<td valign=\"top\" bgcolor=\"#eeeeee\">Q&amp;A<\/td>\n<\/tr>\n<tr>\n<td valign=\"top\" bgcolor=\"#FFFFFF\" width=\"180\">10:30 \u2013 10:50<br \/><strong>Keynote Speaker<\/strong><\/td>\n<td valign=\"top\" bgcolor=\"#FFFFFF\"><strong><a href=\"https:\/\/simexmin.org.br\/2024ing\/wp-content\/uploads\/2024\/06\/21-10h30-Lithium-oresin-Eastern-Brazilian-Antonio-Carlos-Pedrosa-Soares.pdf\" target=\"_blank\" rel=\"noopener\">Lithium ores in Eastern Brazilian Pegmatite Province: a review and new discoveries of spodumene-rich pegmatites<\/a><br \/><\/strong>Antonio Carlos Pedrosa Soares<br \/>Professor at IG\/UFMG and Independent Consultant<\/td>\n<\/tr>\n<\/tbody>\n<\/table>\n[\/et_pb_text][et_pb_text admin_label=&#8221;COFFEE BREAK \u2013 10:55 \u2013 11:10&#8243; _builder_version=&#8221;4.24.2&#8243; _module_preset=&#8221;default&#8221; background_color=&#8221;#d3f2b3&#8243; text_orientation=&#8221;center&#8221; custom_padding=&#8221;10px||10px||true|false&#8221; global_colors_info=&#8221;{}&#8221;]\n<p><strong>COFFEE BREAK \u2013 10:55 \u2013 11:10<\/strong><\/p>\n[\/et_pb_text][et_pb_text admin_label=&#8221;6. AGREGANDO VALOR NA PRODU\u00c7\u00c3O MINERAL: RECUPERA\u00c7\u00c3O DE SUB-PRODUTOS NA OPERA\u00c7\u00c3O E REJEITOS&#8221; _builder_version=&#8221;4.24.2&#8243; _module_preset=&#8221;default&#8221; global_colors_info=&#8221;{}&#8221;]\n<h3><strong>6. ADDING VALUES FOR THE MINERAL PRODUCTION: BY-PRODUCT METAL RECOVERY FROM THE MINE TO THE ORE TAILINGS<\/strong><\/h3>\n<p>Moderator:\u00a0<strong>L\u00facia Helena Xavier<\/strong> (Principal Investigator\/Mineral Technology Center &#8211; CETEM)<\/p>\n[\/et_pb_text][et_pb_text _builder_version=&#8221;4.24.2&#8243; _module_preset=&#8221;default&#8221; text_font=&#8221;||||||||&#8221; link_font=&#8221;||||on||||&#8221; hover_enabled=&#8221;0&#8243; global_colors_info=&#8221;{}&#8221; link_text_color=&#8221;#DB6C00&#8243; sticky_enabled=&#8221;0&#8243;]\n<table border=\"1\" cellspacing=\"0\" cellpadding=\"0\">\n<tbody>\n<tr>\n<td valign=\"top\" bgcolor=\"#FFFFFF\" width=\"180\">\n<p align=\"center\">11:10 \u2013 11:25<\/p>\n<\/td>\n<td valign=\"top\" bgcolor=\"#FFFFFF\"><strong><a href=\"https:\/\/simexmin.org.br\/2024ing\/wp-content\/uploads\/2024\/06\/11h10m-LTChemale-Simexmin_2024_V3.pdf\" target=\"_blank\" rel=\"noopener\">Potential for extracting rare earths from tailings<\/a><br \/><\/strong>Lucy Takehara Chemale<br \/>Researcher in Geosciences\/Brazilian Geological Survey (SGB)<\/td>\n<\/tr>\n<tr>\n<td valign=\"top\" bgcolor=\"#eeeeee\" width=\"180\">\n<p align=\"center\">11:25 \u2013 11:30<\/p>\n<\/td>\n<td valign=\"top\" bgcolor=\"#eeeeee\">Q&amp;A<\/td>\n<\/tr>\n<tr>\n<td valign=\"top\" bgcolor=\"#FFFFFF\" width=\"180\">\n<p align=\"center\">11:30 \u2013 11:45<\/p>\n<\/td>\n<td valign=\"top\" bgcolor=\"#FFFFFF\"><strong>Use of tailings and steel aggregate in mine closure and rural mobility projects<br \/><\/strong>Flavio Vasconcelos<br \/>CEO\/Hidrogeo Engineering and Project Management<\/td>\n<\/tr>\n<tr>\n<td valign=\"top\" bgcolor=\"#eeeeee\" width=\"180\">\n<p align=\"center\">11:45 \u2013 11:50<\/p>\n<\/td>\n<td valign=\"top\" bgcolor=\"#eeeeee\">Q&amp;A<\/td>\n<\/tr>\n<tr>\n<td valign=\"top\" bgcolor=\"#FFFFFF\" width=\"180\">\n<p align=\"center\">11:50 \u2013 12:05<\/p>\n<\/td>\n<td valign=\"top\" bgcolor=\"#FFFFFF\"><strong><a href=\"https:\/\/simexmin.org.br\/2024ing\/wp-content\/uploads\/2024\/06\/21-11h50-Aproveitamento-de-subprodutos-da-mineracao-Fernando-J-Vilela.pdf\" target=\"_blank\" rel=\"noopener\">Use of mining by-products as sources of nutrients for agriculture: Perspectives, challenges and success stories<\/a><br \/><\/strong>Fernando Vilela<br \/>Director\/Campo Analysis<\/td>\n<\/tr>\n<tr>\n<td valign=\"top\" bgcolor=\"#eeeeee\" width=\"180\">\n<p align=\"center\">12:05 \u2013 12:10<\/p>\n<\/td>\n<td valign=\"top\" bgcolor=\"#eeeeee\">Q&amp;A<\/td>\n<\/tr>\n<tr>\n<td valign=\"top\" bgcolor=\"#FFFFFF\" width=\"180\">\n<p align=\"center\">12:10 \u2013 12:25<\/p>\n<\/td>\n<td valign=\"top\" bgcolor=\"#FFFFFF\"><strong><a href=\"https:\/\/simexmin.org.br\/2024ing\/wp-content\/uploads\/2024\/06\/12h10-SIMEXMIN-2024-Viridis-Klaus-Petersen-v4.pdf\" target=\"_blank\" rel=\"noopener\">Innovation and Sustainable Development in the Downstream Rare Earth Production Chain: The Viridis case with the Colossus Project in Po\u00e7os de Caldas &#8211; MG<\/a><br \/><\/strong>Klaus Petersen<br \/>Country Manager Brazil\/Viridis Mining<\/td>\n<\/tr>\n<tr>\n<td valign=\"top\" bgcolor=\"#eeeeee\" width=\"180\">\n<p align=\"center\">12:25 \u2013 12:30<\/p>\n<\/td>\n<td valign=\"top\" bgcolor=\"#eeeeee\">Q&amp;A<\/td>\n<\/tr>\n<\/tbody>\n<\/table>\n[\/et_pb_text][et_pb_text admin_label=&#8221;12:30 \u2013 14:30: ALMO\u00c7O&#8221; _builder_version=&#8221;4.24.2&#8243; _module_preset=&#8221;default&#8221; background_color=&#8221;#d3f2b3&#8243; text_orientation=&#8221;center&#8221; custom_padding=&#8221;10px||10px||true|false&#8221; global_colors_info=&#8221;{}&#8221;]\n<p><strong>LUNCH BREAK \u2013 12:30 \u2013 14:30<\/strong><\/p>\n[\/et_pb_text][et_pb_text admin_label=&#8221;Ter\u00e7a-feira &#8211; 21 de maio de 2024 &#8211; TARDE&#8221; _builder_version=&#8221;4.24.2&#8243; _module_preset=&#8221;default&#8221; text_text_color=&#8221;#000000&#8243; text_font_size=&#8221;24px&#8221; header_font=&#8221;|700|||||||&#8221; header_text_color=&#8221;#FFFFFF&#8221; background_color=&#8221;#3F5E80&#8243; custom_margin=&#8221;||||true|false&#8221; custom_padding=&#8221;15px|15px|5px|15px|false|true&#8221; global_colors_info=&#8221;{}&#8221;]\n<h1 style=\"text-align: center;\">Tuesday \u2013 May 21st, 2024 &#8211; afternoon<\/h1>\n[\/et_pb_text][et_pb_text admin_label=&#8221;7. GEOF\u00cdSICA APLICADA \u00c0 PESQUISA MINERAL &#8221; _builder_version=&#8221;4.24.2&#8243; _module_preset=&#8221;default&#8221; global_colors_info=&#8221;{}&#8221;]\n<h3><strong>7. GEOPHYSICS APPLIED TO MINERAL EXPLORATION<\/strong><\/h3>\n<p>Moderators: <strong>Luiz Fernando Braga<\/strong> (Brazilian Geophysical Society\/SBGf) e <strong>Alan Cunha<\/strong> (Brazilian Geophysical Society\/SBGf and UFRJ\/CPGA)<\/p>\n[\/et_pb_text][et_pb_text _builder_version=&#8221;4.24.2&#8243; _module_preset=&#8221;default&#8221; link_font=&#8221;||||on||||&#8221; hover_enabled=&#8221;0&#8243; global_colors_info=&#8221;{}&#8221; link_text_color=&#8221;#DB6C00&#8243; sticky_enabled=&#8221;0&#8243;]\n<table border=\"1\" cellspacing=\"0\" cellpadding=\"0\">\n<tbody>\n<tr>\n<td bgcolor=\"#FFFFFF\" width=\"180\">\n<p align=\"center\">14:30 \u2013 14:50<\/p>\n<\/td>\n<td bgcolor=\"#FFFFFF\">\n<p><strong>Geophysical Borehole Logging Applied to Fertilizer Exploration<\/strong><\/p>\n<p>Marco Ant\u00f4nio Braga<br \/>IG\/UFRJ<\/p>\n<p>Maria Filipa Perez da Gama<br \/>Applied Geophysics Research Center\/UFRJ<\/p>\n<\/td>\n<\/tr>\n<tr>\n<td bgcolor=\"#eeeeee\" width=\"180\">\n<p align=\"center\">14:50 \u2013 14:55<\/p>\n<\/td>\n<td bgcolor=\"#eeeeee\">Q&amp;A<\/td>\n<\/tr>\n<tr>\n<td bgcolor=\"#FFFFFF\" width=\"180\">\n<p align=\"center\">14:55 \u2013 15:10<\/p>\n<\/td>\n<td bgcolor=\"#FFFFFF\"><strong>Regional Airborne Geophysical Surveys (Country Mapping) to unlock critical minerals.<br \/><\/strong>Andre Rabelo<br \/>Xcalibur Multiphysics Business Development Manager\/Latin America<\/td>\n<\/tr>\n<tr>\n<td bgcolor=\"#eeeeee\" width=\"180\">\n<p align=\"center\">15:10 \u2013 15:15<\/p>\n<\/td>\n<td bgcolor=\"#eeeeee\">Q&amp;A<\/td>\n<\/tr>\n<tr>\n<td bgcolor=\"#FFFFFF\" width=\"180\">\n<p align=\"center\">15:15 \u2013 15:30<\/p>\n<\/td>\n<td bgcolor=\"#FFFFFF\"><strong><a href=\"https:\/\/simexmin.org.br\/2024ing\/wp-content\/uploads\/2024\/06\/21-15h15-Estrutura-Eletrica-da-Provincia-Mineral-do-Tapajos-Raphael-Correa.pdf\" target=\"_blank\" rel=\"noopener\">Electrical Structure of Tapajos Mineral Province<\/a><br \/><\/strong>Raphael Teixeira Correa<br \/>Researcher in Geosciences\/Brazilian Geological Survey (SGB)<\/td>\n<\/tr>\n<tr>\n<td bgcolor=\"#eeeeee\" width=\"180\">\n<p align=\"center\">15:30 \u2013 15:35<\/p>\n<\/td>\n<td bgcolor=\"#eeeeee\">Q&amp;A<\/td>\n<\/tr>\n<tr>\n<td valign=\"top\" bgcolor=\"#FFFFFF\" width=\"180\">\n<p align=\"center\">15:35 \u2013 15:50<\/p>\n<\/td>\n<td bgcolor=\"#FFFFFF\"><strong>New perspectives for petrophysical studies in hydrothermal mineral systems<br \/><\/strong><span style=\"font-family: inherit; font-size: inherit;\">Adalene Moreira Silva<br \/><\/span>Associate Professor\/IG-UNB<\/td>\n<\/tr>\n<tr>\n<td valign=\"top\" bgcolor=\"#eeeeee\" width=\"180\">\n<p align=\"center\">15:50 \u2013 15:55<\/p>\n<\/td>\n<td bgcolor=\"#eeeeee\">Q&amp;A<\/td>\n<\/tr>\n<\/tbody>\n<\/table>\n[\/et_pb_text][et_pb_text admin_label=&#8221;COFFEE BREAK \u2013 16:00-16:20&#8243; _builder_version=&#8221;4.24.2&#8243; _module_preset=&#8221;default&#8221; background_color=&#8221;#d3f2b3&#8243; text_orientation=&#8221;center&#8221; custom_padding=&#8221;10px||10px||true|false&#8221; global_colors_info=&#8221;{}&#8221;]\n<p><strong>COFFEE BREAK \u2013 16:00 \u2013 16:2<\/strong><strong>0<\/strong><\/p>\n[\/et_pb_text][et_pb_text admin_label=&#8221;8. FERTILIZANTES E AGROMINERAIS: PROJETOS, PRODUTOS E VIS\u00c3O DE FUTURO&#8221; _builder_version=&#8221;4.24.2&#8243; _module_preset=&#8221;default&#8221; global_colors_info=&#8221;{}&#8221;]\n<h3><strong>8. AGROMINERALS AS SOIL REMINERALIZERS: RESOURCES, PRODUCTION AND FUTURE PREVISIONS<\/strong><\/h3>\n<p>Moderator: <strong>Magda Bergmann<\/strong> (Researcher in Geosciences\/Brazilian Geological Survey &#8211; SGB)<\/p>\n[\/et_pb_text][et_pb_text _builder_version=&#8221;4.24.2&#8243; _module_preset=&#8221;default&#8221; hover_enabled=&#8221;0&#8243; global_colors_info=&#8221;{}&#8221; link_font=&#8221;||||on||||&#8221; link_text_color=&#8221;#DB6C00&#8243; sticky_enabled=&#8221;0&#8243;]\n<table border=\"1\" cellspacing=\"0\" cellpadding=\"0\">\n<tbody>\n<tr>\n<td bgcolor=\"#FFFFFF\" width=\"180\">\n<p align=\"center\">16:20 \u2013 16:35<\/p>\n<\/td>\n<td bgcolor=\"#FFFFFF\"><strong><a href=\"https:\/\/simexmin.org.br\/2024ing\/wp-content\/uploads\/2024\/06\/21-16h20-O-trabalho-do-SGB-CPRM-na-pesquisa-Alessandra-Elisa.pdf\" target=\"_blank\" rel=\"noopener\">The work of the Brazilian Geological Survey in the research of silicate agrominerals in Brazil<\/a><br \/><\/strong>Alessandra Elisa Blaskowski<br \/><span style=\"font-size: 19px;\">Executive Coordinator DIPEME\/Brazilian Geological Survey &#8211; SGB\u00a0<\/span><\/td>\n<\/tr>\n<tr>\n<td bgcolor=\"#eeeeee\" width=\"180\">\n<p align=\"center\">16:35 \u2013 16:40<\/p>\n<\/td>\n<td bgcolor=\"#eeeeee\">Q&amp;A<\/td>\n<\/tr>\n<tr>\n<td bgcolor=\"#FFFFFF\" width=\"180\">\n<p align=\"center\">16:40 \u2013 16:55<\/p>\n<\/td>\n<td bgcolor=\"#FFFFFF\"><strong><a href=\"https:\/\/simexmin.org.br\/2024ing\/wp-content\/uploads\/2024\/06\/16h40-A-PdB-APR-Adriano-Espeschit.pdf\" target=\"_blank\" rel=\"noopener\">Autazes Potassium Project &#8211; Food Security for Brazil and the World<\/a><br \/><\/strong>Adriano Espeschit<br \/>President\/Brazil Potash<\/td>\n<\/tr>\n<tr>\n<td bgcolor=\"#eeeeee\" width=\"180\">\n<p align=\"center\">16:55 \u2013 17:00<\/p>\n<\/td>\n<td bgcolor=\"#eeeeee\">Q&amp;A<\/td>\n<\/tr>\n<tr>\n<td bgcolor=\"#FFFFFF\" width=\"180\">\n<p align=\"center\">17:00 \u2013 17:15<\/p>\n<\/td>\n<td bgcolor=\"#FFFFFF\"><strong><a href=\"https:\/\/simexmin.org.br\/2024ing\/wp-content\/uploads\/2024\/06\/21-17h00-Zoneamento-Agrogeologico-Eder-Martins.pdf\" target=\"_blank\" rel=\"noopener\">Agrogeological Zoning for the development of regional soil fertility management solutions<\/a><br \/><\/strong>\u00c9der de Souza Martins<br \/>Researcher at Embrapa Cerrados<\/td>\n<\/tr>\n<tr bgcolor=\"#eeeeee\">\n<td width=\"180\">\n<p align=\"center\">17:15 \u2013 17:20<\/p>\n<\/td>\n<td>Q&amp;A<\/td>\n<\/tr>\n<tr>\n<td bgcolor=\"#FFFFFF\" width=\"180\">\n<p align=\"center\">17:20 \u2013 17:35<\/p>\n<\/td>\n<td bgcolor=\"#FFFFFF\"><strong><a href=\"https:\/\/simexmin.org.br\/2024ing\/wp-content\/uploads\/2024\/06\/21-17h20-Depositos-minerais-de-fosfato-da-CMOC-Fabrizzio-Costa.pdf\" target=\"_blank\" rel=\"noopener\">The CMOC\u00b4s Phosphate Deposits in Brazil: Geology and Production<\/a><br \/><\/strong>Fabrizzio Rodrigues Costa\/CMOC Brasil<\/td>\n<\/tr>\n<tr bgcolor=\"#eeeeee\">\n<td width=\"180\">\n<p align=\"center\">17:35 \u2013 17:40<\/p>\n<\/td>\n<td>Q&amp;A<\/td>\n<\/tr>\n<\/tbody>\n<\/table>\n[\/et_pb_text][\/et_pb_column][\/et_pb_row][\/et_pb_section]\n","protected":false},"excerpt":{"rendered":"<p>Tuesday \u2013 May 21st , 2024 &#8211; morning5. STRATEGIC\/CRITICAL MINERALS RESEARCH IN BRAZIL: ADVANCES AND NEW ALTERNATIVE SOURCES Moderator: Henrique Portella (Senior Manager in Geosciences Latam\/Anglo Gold Ashanti) 09:00 \u2013 09:30Keynote Speaker Critical minerals and rare earths: lessons from Australia to support the global energy transitionMark Nopp\u00e9WH Bryan Mining Geology Research Centre\/DirectorThe university of Queensland [&hellip;]<\/p>\n","protected":false},"author":1,"featured_media":0,"parent":0,"menu_order":0,"comment_status":"closed","ping_status":"closed","template":"","meta":{"_et_pb_use_builder":"on","_et_pb_old_content":"","_et_gb_content_width":"","footnotes":""},"class_list":["post-573","page","type-page","status-publish","hentry"],"_links":{"self":[{"href":"https:\/\/simexmin.org.br\/2024ing\/wp-json\/wp\/v2\/pages\/573","targetHints":{"allow":["GET"]}}],"collection":[{"href":"https:\/\/simexmin.org.br\/2024ing\/wp-json\/wp\/v2\/pages"}],"about":[{"href":"https:\/\/simexmin.org.br\/2024ing\/wp-json\/wp\/v2\/types\/page"}],"author":[{"embeddable":true,"href":"https:\/\/simexmin.org.br\/2024ing\/wp-json\/wp\/v2\/users\/1"}],"replies":[{"embeddable":true,"href":"https:\/\/simexmin.org.br\/2024ing\/wp-json\/wp\/v2\/comments?post=573"}],"version-history":[{"count":17,"href":"https:\/\/simexmin.org.br\/2024ing\/wp-json\/wp\/v2\/pages\/573\/revisions"}],"predecessor-version":[{"id":794,"href":"https:\/\/simexmin.org.br\/2024ing\/wp-json\/wp\/v2\/pages\/573\/revisions\/794"}],"wp:attachment":[{"href":"https:\/\/simexmin.org.br\/2024ing\/wp-json\/wp\/v2\/media?parent=573"}],"curies":[{"name":"wp","href":"https:\/\/api.w.org\/{rel}","templated":true}]}}