{"id":14,"date":"2023-11-20T11:44:45","date_gmt":"2023-11-20T11:44:45","guid":{"rendered":"https:\/\/simexmin.org.br\/2024\/?page_id=14"},"modified":"2026-04-17T12:59:32","modified_gmt":"2026-04-17T12:59:32","slug":"programa-oficial","status":"publish","type":"page","link":"https:\/\/simexmin.org.br\/2026ing\/programa-oficial\/","title":{"rendered":"Programa oficial"},"content":{"rendered":"[et_pb_section fb_built=&#8221;1&#8243; fullwidth=&#8221;on&#8221; _builder_version=&#8221;4.27.4&#8243; _module_preset=&#8221;default&#8221; bottom_divider_color=&#8221;#fbfae8&#8243; bottom_divider_height=&#8221;50px&#8221; global_colors_info=&#8221;{}&#8221;][et_pb_fullwidth_header title=&#8221;OFFICIAL PROGRAM&#8221; _builder_version=&#8221;4.27.4&#8243; _module_preset=&#8221;default&#8221; title_font=&#8221;|800|||||||&#8221; title_text_align=&#8221;center&#8221; title_font_size=&#8221;48px&#8221; background_image=&#8221;https:\/\/simexmin.org.br\/2026ing\/wp-content\/uploads\/2025\/10\/tarja-titulos-fina.jpg&#8221; background_position=&#8221;center_left&#8221; custom_padding=&#8221;20px||10px||false|false&#8221; title_font_size_tablet=&#8221;48px&#8221; title_font_size_phone=&#8221;33px&#8221; title_font_size_last_edited=&#8221;on|phone&#8221; title_text_shadow_style=&#8221;preset2&#8243; global_colors_info=&#8221;{}&#8221;][\/et_pb_fullwidth_header][\/et_pb_section][et_pb_section fb_built=&#8221;1&#8243; _builder_version=&#8221;4.27.4&#8243; _module_preset=&#8221;default&#8221; background_image=&#8221;https:\/\/simexmin.org.br\/2026ing\/wp-content\/uploads\/2025\/09\/bg-pgs-internas2.jpg&#8221; parallax=&#8221;on&#8221; parallax_method=&#8221;off&#8221; background_blend=&#8221;multiply&#8221; global_colors_info=&#8221;{}&#8221;][et_pb_row disabled_on=&#8221;on|on|on&#8221; _builder_version=&#8221;4.27.4&#8243; _module_preset=&#8221;default&#8221; disabled=&#8221;on&#8221; global_colors_info=&#8221;{}&#8221;][et_pb_column type=&#8221;4_4&#8243; _builder_version=&#8221;4.25.1&#8243; _module_preset=&#8221;default&#8221; global_colors_info=&#8221;{}&#8221;][et_pb_text _builder_version=&#8221;4.27.4&#8243; _module_preset=&#8221;default&#8221; text_font=&#8221;|800|||||||&#8221; text_text_color=&#8221;#DD5D00&#8243; text_font_size=&#8221;34px&#8221; header_text_color=&#8221;#DD5D00&#8243; header_font_size=&#8221;36px&#8221; text_orientation=&#8221;center&#8221; global_colors_info=&#8221;{}&#8221;]\n<p><span>Eixos tem\u00e1ticos do Simp\u00f3sio:<\/span><\/p>\n[\/et_pb_text][\/et_pb_column][\/et_pb_row][et_pb_row disabled_on=&#8221;off|off|off&#8221; _builder_version=&#8221;4.27.4&#8243; _module_preset=&#8221;default&#8221; global_colors_info=&#8221;{}&#8221;][et_pb_column type=&#8221;4_4&#8243; _builder_version=&#8221;4.24.2&#8243; _module_preset=&#8221;default&#8221; global_colors_info=&#8221;{}&#8221;][et_pb_toggle title=&#8221;Segunda-feira \u2013 18 de maio de 2026 \u2022 Monday, May 18th, 2026&#8243; open_toggle_text_color=&#8221;#DB6C00&#8243; open_toggle_background_color=&#8221;#F2F1D3&#8243; closed_toggle_background_color=&#8221;#F2F1D3&#8243; icon_color=&#8221;#DB6C00&#8243; use_icon_font_size=&#8221;on&#8221; icon_font_size=&#8221;27px&#8221; _builder_version=&#8221;4.27.4&#8243; _module_preset=&#8221;default&#8221; title_text_color=&#8221;#DB6C00&#8243; title_font_size=&#8221;21px&#8221; hover_enabled=&#8221;0&#8243; border_radii=&#8221;on|10px|10px|10px|10px&#8221; border_width_all=&#8221;2px&#8221; border_color_all=&#8221;#DB6C00&#8243; global_colors_info=&#8221;{}&#8221; sticky_enabled=&#8221;0&#8243;]\n<h3>MANH\u00c3 \/ MORNING<\/h3>\n<table border=\"0\" cellspacing=\"0\" cellpadding=\"0\">\n<tbody>\n<tr>\n<td width=\"220\" bgcolor=\"#FFCC00\">\n<div align=\"center\">09h \u00e0s 09h30<\/div>\n<\/td>\n<td bgcolor=\"#FFCC00\"><strong>Palestra\/<em>Keynote Speaker<\/em><\/strong><br \/><strong>Unraveling the Formation of Andean Iron Oxide Copper-Gold Deposits<br \/><\/strong><em style=\"font-size: 19px;\">Irene del Real<br \/><\/em>Departamento de Ingenier\u00eda de Minas de la Pontificia Universidad Cat\u00f3lica de Chile\/<em>SEG International Exchange Lecturer<\/em><\/td>\n<\/tr>\n<tr>\n<td bgcolor=\"#FFFFFF\">\n<div align=\"center\">09h30 \u00e0s 09h50<\/div>\n<\/td>\n<td bgcolor=\"#FFFFFF\">\n<p><strong>Dep\u00f3sito Brejo Seco (Piau\u00ed): Cinco D\u00e9cadas de Evolu\u00e7\u00e3o do Conhecimento Geol\u00f3gico, Redu\u00e7\u00e3o de Incertezas e Consolida\u00e7\u00e3o de um Dep\u00f3sito Later\u00edtico de N\u00edquel Estrat\u00e9gico para a Transi\u00e7\u00e3o Energ\u00e9tica Brasileira<\/strong><\/p>\n<p><i>Gabriel <\/i><i>Sepulveda<\/i><i><br \/><\/i>Gerente de Geologia\/<i>Brazilian<\/i><i> Nickel<\/i><\/p>\n<\/td>\n<\/tr>\n<tr>\n<td bgcolor=\"#FFFFFF\">\n<div align=\"center\">09h50 \u00e0s 10h10<\/div>\n<\/td>\n<td bgcolor=\"#FFFFFF\">\n<p><strong>Vale Base Metals: Geologia e Estrat\u00e9gia para Crescimento sustent\u00e1vel em Caraj\u00e1s<\/strong><\/p>\n<p><em>Bruno Cesar de Deus Afonseca<\/em><br \/>Gerente de Avalia\u00e7\u00e3o de Recursos Brasi\/Vale Base Metals<\/p>\n<\/td>\n<\/tr>\n<tr>\n<td bgcolor=\"#FFFFFF\">\n<div align=\"center\">10h10 \u00e0s 10h30<\/div>\n<\/td>\n<td bgcolor=\"#FFFFFF\">\n<p><strong>Condicionantes geol\u00f3gicos e modelos prospectivo-explorat\u00f3rios para grafita e l\u00edtio em rocha (e associados)<\/strong><\/p>\n<p><em>Antonio Carlos Pedrosa Soares<\/em><br \/>Consultor, UFMG, CNPq<\/p>\n<\/td>\n<\/tr>\n<tr>\n<td bgcolor=\"#d3d3d3\">\n<div align=\"center\">10h30 \u00e0s 10h50<\/div>\n<\/td>\n<td bgcolor=\"#d3d3d3\"><b>INTERVALO\/<\/b><b><i>COFFEE BREAK<\/i><\/b><\/td>\n<\/tr>\n<tr>\n<td bgcolor=\"#FFFFFF\">\n<div align=\"center\">10h50 \u00e0s 11h10<\/div>\n<\/td>\n<td bgcolor=\"#FFFFFF\">\n<p><strong>A minera\u00e7\u00e3o do futuro: A Nova Arquitetura da Transforma\u00e7\u00e3o na Vale<\/strong><\/p>\n<p><i>Bruno Pelli<br \/>Global Mining <\/i><i>Technical<\/i><i> Services <\/i><i>Director<\/i><i>\/VALE SA<\/i><\/p>\n<\/td>\n<\/tr>\n<tr>\n<td bgcolor=\"#FFFFFF\">\n<div align=\"center\">11h10 \u00e0s 11h30<\/div>\n<\/td>\n<td bgcolor=\"#FFFFFF\">\n<p><strong>Controles Geol\u00f3gicos e Mineral\u00f3gicos da Variabilidade do Min\u00e9rio: Integra\u00e7\u00e3o entre Geologia, Mineralogia Quantitativa e Geometalurgia na Mina Serrote (MVV)<\/strong><\/p>\n<p><i>Marcela <\/i><i>Tain\u00e3<\/i><br \/>MAIG\/Consultora<\/p>\n<\/td>\n<\/tr>\n<tr>\n<td bgcolor=\"#FFFFFF\">\n<div align=\"center\">11h30 \u00e0s 11h50<\/div>\n<\/td>\n<td bgcolor=\"#FFFFFF\">\n<p><strong>MEV na geometalurgia: aplica\u00e7\u00e3o de mineralogia quantitativa em recursos minerais de fosfato<\/strong><\/p>\n<p><i>Rodrigo <\/i><i>Miotto<\/i><br \/>Coordenador de Geologia e Recursos Minerais\/Eurochem Brasil<\/p>\n<\/td>\n<\/tr>\n<tr>\n<td bgcolor=\"#FFFFFF\">\n<div align=\"center\">11h50 \u00e0s 12h10<\/div>\n<\/td>\n<td bgcolor=\"#FFFFFF\">\n<p><strong>Bioprocessing of Laterites in Brazil: How Bioleaching Can Revolutionize Cobalt Recovery in Brazil<\/strong><\/p>\n<p><i>Jos\u00e9 Luciano <\/i><i>Stropper<br \/><\/i>Servi\u00e7o Geol\u00f3gico do Brasil (SGB)<\/p>\n<\/td>\n<\/tr>\n<tr>\n<td bgcolor=\"#FFFFFF\">\n<div align=\"center\">12h10 \u00e0s 12h30<\/div>\n<\/td>\n<td bgcolor=\"#FFFFFF\">\n<p><strong>Minas do Camaqu\u00e3 (Cu-Pb-Zn) e Bojuru (Ti): implica\u00e7\u00f5es para a prospec\u00e7\u00e3o mineral e o potencial de H\u2082 geol\u00f3gico no sul do Brasil<\/strong><\/p>\n<p><em>Farid Chemale Junior<\/em><br \/>Universidade do Vale do Rio dos Sinos (UNISINOS)<\/p>\n<\/td>\n<\/tr>\n<tr>\n<td bgcolor=\"#d3d3d3\">\n<div align=\"center\">12h30 \u00e0s 14h30<\/div>\n<\/td>\n<td bgcolor=\"#d3d3d3\"><b>ALMO\u00c7O\/<em>LUNCH BREAK<\/em><\/b><\/td>\n<\/tr>\n<\/tbody>\n<\/table>\n<h3>TARDE \/ AFTERNOON<\/h3>\n<table border=\"0\" cellspacing=\"0\" cellpadding=\"0\">\n<tbody>\n<tr>\n<td bgcolor=\"#FFCC00\" style=\"width: 219.234px;\">\n<div align=\"center\">14h30 \u00e0s 15h<\/div>\n<\/td>\n<td bgcolor=\"#FFCC00\" style=\"width: 427.766px;\"><strong>Palestra\/<em>Keynote Speaker<br \/><\/em><\/strong><em><strong>What is coming in Geophysics in the era of energy transition<br \/><\/strong><\/em><em style=\"font-size: 19px;\">Y. Lee<br \/><\/em><em>Colorado School of Mines<\/em><\/td>\n<\/tr>\n<tr>\n<td bgcolor=\"#FFFFFF\" style=\"width: 219.234px;\">\n<div align=\"center\">15h \u00e0s 15h20<\/div>\n<\/td>\n<td bgcolor=\"#FFFFFF\" style=\"width: 427.766px;\">\n<p><strong>A new era of systematic geophysical surveys fot the Energy Transition in Brazil<\/strong><\/p>\n<p><em>Iago Souza Lima Costa<\/em><br \/>Servi\u00e7o Geol\u00f3gico do Brasil (SGB)<\/p>\n<\/td>\n<\/tr>\n<tr>\n<td bgcolor=\"#FFFFFF\" style=\"width: 219.234px;\">\n<div align=\"center\">15h20 \u00e0s 15h40<\/div>\n<\/td>\n<td bgcolor=\"#FFFFFF\" style=\"width: 427.766px;\">\n<p><strong>Geophysics and petrophysics applied to alteration mapping in Andean porphyry systems<\/strong><\/p>\n<p><em>Eduardo F. Henrique<\/em><br \/>Geof\u00edsico\/Nexa Resources<\/p>\n<\/td>\n<\/tr>\n<tr>\n<td bgcolor=\"#FFFFFF\" style=\"width: 219.234px;\">\n<div align=\"center\">15h40 \u00e0s 16h<\/div>\n<\/td>\n<td bgcolor=\"#FFFFFF\" style=\"width: 427.766px;\">\n<p><strong>From Anomalies to Ore Bodies: Advances in Geophysics for Iron Ore Exploration<\/strong><\/p>\n<p><em>Marco A. S. Braga<\/em><br \/>IG\/UFRJ<\/p>\n<\/td>\n<\/tr>\n<tr>\n<td bgcolor=\"#FFFFFF\" style=\"width: 219.234px;\">\n<div align=\"center\">16h \u00e0s 16h20<\/div>\n<\/td>\n<td bgcolor=\"#FFFFFF\" style=\"width: 427.766px;\">\n<p><strong>Geophysical Inversion Applied to Mineral Exploration<\/strong><\/p>\n<p><i>Dionisio <\/i><i>Uendro<\/i><i> Carlos<br \/><\/i>IGCE\/UNESP<\/p>\n<\/td>\n<\/tr>\n<\/tbody>\n<\/table>\n[\/et_pb_toggle][et_pb_toggle title=&#8221;Ter\u00e7a-feira \u2013 19 de maio de 2026 \u2022 Tuesday, May 18th, 2026&#8243; open_toggle_text_color=&#8221;#009923&#8243; open_toggle_background_color=&#8221;#F2F1D3&#8243; closed_toggle_background_color=&#8221;#F2F1D3&#8243; icon_color=&#8221;#009923&#8243; use_icon_font_size=&#8221;on&#8221; icon_font_size=&#8221;27px&#8221; _builder_version=&#8221;4.27.4&#8243; _module_preset=&#8221;default&#8221; title_text_color=&#8221;#009923&#8243; title_font_size=&#8221;21px&#8221; border_radii=&#8221;on|10px|10px|10px|10px&#8221; border_width_all=&#8221;2px&#8221; border_color_all=&#8221;#009923&#8243; global_colors_info=&#8221;{}&#8221;]\n<h3>MANH\u00c3 \/ MORNING<\/h3>\n<table border=\"0\" cellspacing=\"0\" cellpadding=\"0\">\n<tbody>\n<tr>\n<td bgcolor=\"#FFCC00\" style=\"width: 220px;\">\n<div align=\"center\">09h \u00e0s 09h30<\/div>\n<\/td>\n<td bgcolor=\"#FFCC00\"><strong>Palestra\/<em>Keynote Speake<\/em>r<\/strong><br \/><strong>Metalog\u00eanese do Ouro no Escudo das Guianas e implica\u00e7\u00f5es prospectiva<br \/><\/strong><em style=\"font-family: inherit; font-size: inherit;\">Carlos Bertoni<br \/><\/em>Consultor S\u00eanior\/<em style=\"font-family: inherit; font-size: inherit;\">Senior Consultant<\/em><\/td>\n<\/tr>\n<tr>\n<td bgcolor=\"#FFFFFF\" style=\"width: 220px;\">\n<div align=\"center\">09h30 \u00e0s 09h50<\/div>\n<\/td>\n<td bgcolor=\"#FFFFFF\">\n<p><em><strong>Integrated Approaches to Gold Exploration in Brazil: From Mineral Provinces to Traceability<\/strong><\/em><\/p>\n<p><i>Stella <\/i><i>Bjios<\/i><i> Guimar\u00e3es<br \/><\/i>Servi\u00e7o Geol\u00f3gico do Brasil (SGB)<\/p>\n<\/td>\n<\/tr>\n<tr>\n<td bgcolor=\"#FFFFFF\" style=\"width: 220px;\">\n<div align=\"center\">09h50 \u00e0s 10h10<\/div>\n<\/td>\n<td bgcolor=\"#FFFFFF\">\n<p><strong>Certifica\u00e7\u00e3o ESG e Rastreabilidade do Ouro na Amaz\u00f4nia<\/strong><\/p>\n<p><i>Jos\u00e9 Seixas Louren\u00e7o<br \/><\/i>Associa\u00e7\u00e3o BioTec-Amaz\u00f4nia<\/p>\n<\/td>\n<\/tr>\n<tr>\n<td bgcolor=\"#FFFFFF\" style=\"width: 220px;\">\n<div align=\"center\">10h10 \u00e0s 10h30<\/div>\n<\/td>\n<td bgcolor=\"#FFFFFF\">\n<p><em><strong>Re-discovery of the high-grade Viana orebody: a missing link in the Archean Cuiab\u00e1 microbasin framework and the timing of a world-class BIF &#8211; hosted gold system<\/strong><\/em><\/p>\n<p><i>Daniel <\/i><i>Tonini<\/i> <i>Peterle<br \/><\/i><i>Drilling Superintendent\/AngloGold Ashanti<\/i><\/p>\n<\/td>\n<\/tr>\n<tr>\n<td bgcolor=\"#d3d3d3\" style=\"width: 220px;\">\n<div align=\"center\">10h30 \u00e0s 10h50<\/div>\n<\/td>\n<td bgcolor=\"#d3d3d3\"><b>INTERVALO\/<\/b><b><i>COFFEE BREAK<\/i><\/b><\/td>\n<\/tr>\n<tr>\n<td bgcolor=\"#FFFFFF\" style=\"width: 220px;\">\n<div align=\"center\">10h50 \u00e0s 11h10<\/div>\n<\/td>\n<td bgcolor=\"#FFFFFF\">\n<p><strong>Novas perspectivas na pesquisa e desenvolvimento de dep\u00f3sitos de ferro<\/strong><\/p>\n<p><i>Diogo <\/i><i>Afonso<\/i><i> Costa<\/i><br \/>Diretor de Explora\u00e7\u00e3o e Processo Mineral<i>\/<\/i><i>Exploration<\/i> <i>and<\/i><i> Mineral <\/i><i>Projects<\/i> <i>Director<\/i><i>\/ <\/i><i>VALE SA<\/i><\/p>\n<\/td>\n<\/tr>\n<tr>\n<td bgcolor=\"#FFFFFF\" style=\"width: 220px;\">\n<div align=\"center\">11h10 \u00e0s 11h30<\/div>\n<\/td>\n<td bgcolor=\"#FFFFFF\">\n<p><strong>An Overview of the Maremane Dome and BIF Deposits in South Africa: Perspectives from Structural Evolution and 3D Geological Modelling<\/strong><\/p>\n<p><em>Ian James Basson<\/em><br \/>Tect Geological Consulting &amp; University of Stellenbosch<\/p>\n<\/td>\n<\/tr>\n<tr>\n<td bgcolor=\"#FFFFFF\" style=\"width: 220px;\">\n<div align=\"center\">11h30 \u00e0s 11h50<\/div>\n<\/td>\n<td bgcolor=\"#FFFFFF\">\n<p><strong>Avan\u00e7os no conhecimento da mineraliza\u00e7\u00e3o de ferro em dep\u00f3sitos selecionados nas prov\u00edncias minerais Caraj\u00e1s e QF<\/strong><\/p>\n<p><i>Rosaline<\/i><i> C. F. de Silva<br \/><\/i>Departamento de Geologia\/UFMG<\/p>\n<\/td>\n<\/tr>\n<tr>\n<td bgcolor=\"#FFCC00\" style=\"width: 220px;\">\n<div align=\"center\">11h50 \u00e0s 12h20<\/div>\n<\/td>\n<td bgcolor=\"#FFCC00\"><b>Palestra\/Keynote Speaker<br \/><\/b><b>Mapping the Future: AI Prospectivity Models for Canada and Brazil<br \/><\/b><i style=\"font-size: inherit; font-family: inherit;\">Steven Zhang &#8211; Research Scientist<br \/><\/i><i>Geological Survey of Canada<\/i><\/td>\n<\/tr>\n<tr>\n<td bgcolor=\"#d3d3d3\" style=\"width: 220px;\">\n<div align=\"center\">12h30 \u00e0s 14h30<\/div>\n<\/td>\n<td bgcolor=\"#d3d3d3\"><b>ALMO\u00c7O\/<em>LUNCH BREAK<\/em><\/b><\/td>\n<\/tr>\n<\/tbody>\n<\/table>\n<h3>TARDE \/ AFTERNOON<\/h3>\n<table border=\"0\" cellspacing=\"0\" cellpadding=\"0\">\n<tbody>\n<tr>\n<td width=\"220\" bgcolor=\"#FFCC00\">\n<div align=\"center\">14h30 \u00e0s 15h<\/div>\n<\/td>\n<td bgcolor=\"#FFCC00\"><strong>Palestra\/<em>Keynote Speaker<\/em><\/strong><br \/><em><strong>Multi-scale Hyperspectral Imaging in Mineral Exploration<br \/><\/strong><span style=\"font-size: inherit; font-family: inherit;\">Carlos Roberto de Souza <\/span><\/em><span style=\"font-size: inherit; font-family: inherit;\"><em>Filho<\/em><br \/><\/span>IG\/UNICAMP<\/td>\n<\/tr>\n<tr>\n<td bgcolor=\"#FFFFFF\">\n<div align=\"center\">15h \u00e0s 15h20<\/div>\n<\/td>\n<td bgcolor=\"#FFFFFF\">\n<p><strong>How Data Analytics is reshaping the mining value chain: practical case studies<\/strong><\/p>\n<p><em>Julio P\u00e9rez Becker<\/em><br \/>ALS Geoanalytics <\/p>\n<\/td>\n<\/tr>\n<tr>\n<td bgcolor=\"#FFFFFF\">\n<div align=\"center\">15h20 \u00e0s 15h40<\/div>\n<\/td>\n<td bgcolor=\"#FFFFFF\">\n<p><strong>O papel da interpreta\u00e7\u00e3o integrada de dados geocient\u00edficos na compreens\u00e3o do sistema mineral associado \u00e0s mineraliza\u00e7\u00f5es de sulfetos magm\u00e1ticos no Vale do Cura\u00e7\u00e1, Bahia &#8211; uma trajet\u00f3ria de descoberta de n\u00edquel<\/strong><\/p>\n<p><em>Fabiano Della Justina<\/em><br \/>Consultant\/Mira Geoscience<\/p>\n<\/td>\n<\/tr>\n<tr>\n<td bgcolor=\"#FFFFFF\">\n<div align=\"center\">15h40 \u00e0s 16h<\/div>\n<\/td>\n<td bgcolor=\"#FFFFFF\">\n<p><strong>New Insights into the Gold Mineralization at Morro do Ouro and Its Exploration Guides in Paracatu (MG), Brazil<\/strong><\/p>\n<p><em>Isabella Gontijo Souza Soares<\/em><br \/>Ge\u00f3loga de Explora\u00e7\u00e3o\/Kinross Brasil Minera\u00e7\u00e3o<\/p>\n<\/td>\n<\/tr>\n<tr>\n<td bgcolor=\"#FFFFFF\">\n<div align=\"center\">16h \u00e0s 16h20<\/div>\n<\/td>\n<td bgcolor=\"#FFFFFF\">\n<p><strong>Dep\u00f3sitos de Zn-Pb (Cu, Ag) em sequ\u00eancia psamo-pel\u00edtica mesoproteroz\u00f3ica do grupo Nova Brasil\u00e2ndia, Rond\u00f4nia-BR.<\/strong><\/p>\n<p><em>Luiz Henrique Lisboa<\/em><br \/>Chefe de Projeto\/Minera\u00e7\u00e3o Santa Elina<\/p>\n<\/td>\n<\/tr>\n<tr>\n<td bgcolor=\"#FFFFFF\">\n<div align=\"center\">16h20 \u00e0s 16h40<\/div>\n<\/td>\n<td bgcolor=\"#FFFFFF\">\n<p><strong>Recursos energ\u00e9ticos de baixo carbono e metais cr\u00edticos em bacias sedimentares: onde est\u00e1 a interface?<\/strong><\/p>\n<p><em>Humberto Reis<\/em><br \/>HsR Consulting Energy and Geosciences<\/p>\n<\/td>\n<\/tr>\n<\/tbody>\n<\/table>\n[\/et_pb_toggle][et_pb_toggle title=&#8221;Quarta-feira \u2013 20 de maio de 2026 \u2022 Wednesday, May 20, 2026&#8243; open_toggle_text_color=&#8221;#04008c&#8221; open_toggle_background_color=&#8221;#F2F1D3&#8243; closed_toggle_background_color=&#8221;#F2F1D3&#8243; icon_color=&#8221;#04008c&#8221; use_icon_font_size=&#8221;on&#8221; icon_font_size=&#8221;27px&#8221; _builder_version=&#8221;4.27.4&#8243; _module_preset=&#8221;default&#8221; title_text_color=&#8221;#04008c&#8221; title_font_size=&#8221;21px&#8221; border_radii=&#8221;on|10px|10px|10px|10px&#8221; border_width_all=&#8221;2px&#8221; border_color_all=&#8221;#04008c&#8221; global_colors_info=&#8221;{}&#8221;]\n<h3><strong>MANH\u00c3 \/ MORNING<\/strong><\/h3>\n<table border=\"0\" cellspacing=\"0\" cellpadding=\"0\">\n<tbody>\n<tr>\n<td width=\"220\" bgcolor=\"#FFCC00\">\n<div align=\"center\">09h \u00e0s 09h30<\/div>\n<\/td>\n<td bgcolor=\"#FFcc00\"><b>Palestra\/<em>Keynote Speaker<br \/><\/em><\/b><b><i>Regolith-Hosted REE Deposits in Southern Central Chile<br \/><\/i><\/b><i style=\"font-size: 19px;\">Irene del Real<br \/><\/i><i style=\"font-family: inherit; font-size: inherit;\">Departamento de Ingenier\u00eda de Minas de la Pontificia Universidad Cat\u00f3lica de Chile<\/i><i style=\"font-family: inherit; font-size: inherit;\">\/SEG International Exchange Lecturer<\/i><\/td>\n<\/tr>\n<tr>\n<td bgcolor=\"#FFFFFF\">\n<div align=\"center\">9h30 \u00e0s 09h50<\/div>\n<\/td>\n<td bgcolor=\"#FFFFFF\">\n<p><strong>Dep\u00f3sito de ETR adsorvidos em argilas i\u00f4nicas: da evolu\u00e7\u00e3o do modelo geol\u00f3gico \u00e0s implica\u00e7\u00f5es na pesquisa e no processamento mineral \u2013 o caso do Projeto Caldeira.<\/strong><\/p>\n<p><i>Vinicius<\/i><i> Gomes <\/i><i>Rodrigues<\/i><i><br \/><\/i><i>Meteoric<\/i> <i>Resouces<\/i><\/p>\n<\/td>\n<\/tr>\n<tr>\n<td bgcolor=\"#FFFFFF\">\n<div align=\"center\">09h50 \u00e0s 10h10<\/div>\n<\/td>\n<td bgcolor=\"#FFFFFF\">\n<p><strong>Projeto Ema de terras raras no munic\u00edpio de Apui-AM<\/strong><\/p>\n<p><i>Mike <\/i><i>Schmulian<br \/><\/i><i>Country Manager\/Brazilian Critical Minerals<\/i><\/p>\n<\/td>\n<\/tr>\n<tr>\n<td bgcolor=\"#FFFFFF\">\n<div align=\"center\">10h10 \u00e0s 10h30<\/div>\n<\/td>\n<td bgcolor=\"#FFFFFF\">\n<p><strong>Da Escala Distrital \u00e0 Regional: Expandindo uma Prov\u00edncia de Elementos Cr\u00edticos no Nordeste do Brasil<\/strong><\/p>\n<p><i>Renato Gonzaga<br \/><\/i>CFO\/Borborema Recursos Estrat\u00e9gicos<\/p>\n<\/td>\n<\/tr>\n<tr>\n<td bgcolor=\"#d3d3d3\">\n<div align=\"center\">10h30 \u00e0s 10h50<\/div>\n<\/td>\n<td bgcolor=\"#d3d3d3\"><b>INTERVALO\/<\/b><b><i>COFFEE BREAK<\/i><\/b><\/td>\n<\/tr>\n<tr>\n<td bgcolor=\"#FFFFFF\">\n<div align=\"center\">10h50 \u00e0s 11h50<\/div>\n<\/td>\n<td bgcolor=\"#FFFFFF\">\n<p><strong>PAINEL<\/strong><br \/><strong>CONTRIBUI\u00c7\u00d5ES DAS MULHERES NA PESQUISA MINERAL DO BRASIL<\/strong><\/p>\n<p><strong>Moderadora:<\/strong> <em>Patricia Proc\u00f3pio\/Diretora<\/em> Presidente\/Women in Mining Brasil<\/p>\n<p><strong>Painelistas:<\/strong><br \/>1. <em>Eliziane Haluch<\/em> &#8211; Especialista em Sustentabilidade\/Enaex Brasil<br \/>2. <em>Isabelle Line Santos<\/em> \u2013 Advogada em Direito Miner\u00e1rio e Regulat\u00f3rio\/Escrit\u00f3rio Rolim Goulart Cardoso<br \/>3. <em>Yasmin Mendes<\/em> \u2013 Diretora Comercial\/Prominas<br \/>4. <em>Glaucia Cuchiorato<\/em>\/Diretora\/Fundadora da GeoAnsata Projetos e Servi\u00e7os em Geologia<\/p>\n<\/td>\n<\/tr>\n<tr>\n<td bgcolor=\"#FFCC00\">\n<div align=\"center\">11h50 \u00e0s 12h20<\/div>\n<\/td>\n<td bgcolor=\"#FFCC00\">\n<p><b>Palestra\/<em>Keynote Speaker<\/em><br \/><\/b><em><b>Harnessing AI to De\u2011Risk Mineral Exploration: Canada\u2013Brazil Alliances Accelerating Responsible Discovery<br \/><\/b><\/em><i>Genevi\u00e8ve Marquis<br \/>Executive Director<br \/><\/i><i>Geological Survey of Canada, Department of Natural Resources Canada<\/i><\/p>\n<\/td>\n<\/tr>\n<tr>\n<td bgcolor=\"#d3d3d3\">\n<div align=\"center\">12h30 \u00e0s 14h30<\/div>\n<\/td>\n<td bgcolor=\"#d3d3d3\"><b>ALMO\u00c7O\/LUNCH BREAK<\/b><\/td>\n<\/tr>\n<\/tbody>\n<\/table>\n<h3>TARDE \/ AFTERNOON<\/h3>\n<table border=\"0\" cellspacing=\"0\" cellpadding=\"0\">\n<tbody>\n<tr>\n<td width=\"220\" bgcolor=\"#FFFFFF\">\n<div align=\"center\">14h30 \u00e0s 14h50<\/div>\n<\/td>\n<td bgcolor=\"#FFFFFF\">\n<p><strong>Geodin\u00e2mica da Prov\u00edncia Mineral de Caraj\u00e1s<\/strong><\/p>\n<p><i>Noevaldo<\/i><i> Teixeira<br \/><\/i>CGA\/SGB<\/p>\n<\/td>\n<\/tr>\n<tr>\n<td bgcolor=\"#FFFFFF\">\n<div align=\"center\">14h50 \u00e0s 15h10<\/div>\n<\/td>\n<td bgcolor=\"#FFFFFF\">\n<p><em><strong>Unlocking the Caraj\u00e1s IOCG Province: A Multi-Scale Mineral Systems Approach through Industry-Academia Synergy<\/strong><\/em><\/p>\n<p><i>Lena Monteiro<br \/><\/i>IGc\/USP<\/p>\n<\/td>\n<\/tr>\n<tr>\n<td bgcolor=\"#FFFFFF\">\n<div align=\"center\">15h10 \u00e0s 15h30<\/div>\n<\/td>\n<td bgcolor=\"#FFFFFF\">\n<p><em><strong>Linking mineral mapping, petrophysics and geochemistry\u00a0 to advance the understanding of IOCG mineral systems in the Caraj\u00e1s Mineral Province<\/strong><\/em><\/p>\n<p><i>Adalene<\/i><i> M Silva<br \/><\/i>IG\/UnB<\/p>\n<\/td>\n<\/tr>\n<tr>\n<td bgcolor=\"#FFFFFF\">\n<div align=\"center\">15h30 \u00e0s 15h50<\/div>\n<\/td>\n<td bgcolor=\"#FFFFFF\">\n<p><strong>Projeto Furnas \u2013 Novos Insights Metalogen\u00e9ticos e sua Influ\u00eancia na Continuidade e Escala da Mineraliza\u00e7\u00e3o Cu-Au<\/strong><\/p>\n<p><em>Daniel de Carvalho Suman<\/em><br \/>Gerente Geral\/Ero Copper<\/p>\n<\/td>\n<\/tr>\n<tr>\n<td bgcolor=\"#FFFFFF\">\n<div align=\"center\">15h50 \u00e0s 16h50<\/div>\n<\/td>\n<td bgcolor=\"#FFFFFF\">\n<p><strong>Projeto Caba\u00e7al e Santa Helena \u2013 dep\u00f3sitos de VMS de Zn-Cu-Au<\/strong><\/p>\n<p><em>Ant\u00f4nio Jos\u00e9 de Almeida<\/em><br \/>Ge\u00f3logo S\u00eanior\/Rio Caba\u00e7al Minera\u00e7\u00e3o<\/p>\n<\/td>\n<\/tr>\n<\/tbody>\n<\/table>\n<p style=\"text-align: center;\"><strong>CLOSING OF THE XII SIMEXMIN 2026<\/strong><\/p>\n[\/et_pb_toggle][\/et_pb_column][\/et_pb_row][\/et_pb_section]\n","protected":false},"excerpt":{"rendered":"<p>Eixos tem\u00e1ticos do Simp\u00f3sio:MANH\u00c3 \/ MORNING 09h \u00e0s 09h30 Palestra\/Keynote SpeakerUnraveling the Formation of Andean Iron Oxide Copper-Gold DepositsIrene del RealDepartamento de Ingenier\u00eda de Minas de la Pontificia Universidad Cat\u00f3lica de Chile\/SEG International Exchange Lecturer 09h30 \u00e0s 09h50 Dep\u00f3sito Brejo Seco (Piau\u00ed): Cinco D\u00e9cadas de Evolu\u00e7\u00e3o do Conhecimento Geol\u00f3gico, Redu\u00e7\u00e3o de Incertezas e Consolida\u00e7\u00e3o de [&hellip;]<\/p>\n","protected":false},"author":1,"featured_media":0,"parent":0,"menu_order":0,"comment_status":"closed","ping_status":"closed","template":"","meta":{"_et_pb_use_builder":"on","_et_pb_old_content":"","_et_gb_content_width":"","footnotes":""},"class_list":["post-14","page","type-page","status-publish","hentry"],"_links":{"self":[{"href":"https:\/\/simexmin.org.br\/2026ing\/wp-json\/wp\/v2\/pages\/14","targetHints":{"allow":["GET"]}}],"collection":[{"href":"https:\/\/simexmin.org.br\/2026ing\/wp-json\/wp\/v2\/pages"}],"about":[{"href":"https:\/\/simexmin.org.br\/2026ing\/wp-json\/wp\/v2\/types\/page"}],"author":[{"embeddable":true,"href":"https:\/\/simexmin.org.br\/2026ing\/wp-json\/wp\/v2\/users\/1"}],"replies":[{"embeddable":true,"href":"https:\/\/simexmin.org.br\/2026ing\/wp-json\/wp\/v2\/comments?post=14"}],"version-history":[{"count":44,"href":"https:\/\/simexmin.org.br\/2026ing\/wp-json\/wp\/v2\/pages\/14\/revisions"}],"predecessor-version":[{"id":1640,"href":"https:\/\/simexmin.org.br\/2026ing\/wp-json\/wp\/v2\/pages\/14\/revisions\/1640"}],"wp:attachment":[{"href":"https:\/\/simexmin.org.br\/2026ing\/wp-json\/wp\/v2\/media?parent=14"}],"curies":[{"name":"wp","href":"https:\/\/api.w.org\/{rel}","templated":true}]}}