{"id":18,"date":"2023-11-20T11:47:26","date_gmt":"2023-11-20T11:47:26","guid":{"rendered":"https:\/\/simexmin.org.br\/2024\/?page_id=18"},"modified":"2025-10-28T11:40:58","modified_gmt":"2025-10-28T11:40:58","slug":"calendario-de-locacao-de-estandes","status":"publish","type":"page","link":"https:\/\/simexmin.org.br\/2026ing\/calendario-de-locacao-de-estandes\/","title":{"rendered":"Calend\u00e1rio de Loca\u00e7\u00e3o de Estandes"},"content":{"rendered":"[et_pb_section fb_built=&#8221;1&#8243; fullwidth=&#8221;on&#8221; _builder_version=&#8221;4.27.4&#8243; _module_preset=&#8221;default&#8221; bottom_divider_color=&#8221;#fbfae8&#8243; bottom_divider_height=&#8221;50px&#8221; global_colors_info=&#8221;{}&#8221;][et_pb_fullwidth_header title=&#8221;CALENDAR FOR EXHIBITORS&#8221; admin_label=&#8221;Cabe\u00e7alho de Largura Completa&#8221; _builder_version=&#8221;4.27.4&#8243; _module_preset=&#8221;default&#8221; title_font=&#8221;|800|||||||&#8221; title_text_align=&#8221;center&#8221; title_font_size=&#8221;48px&#8221; background_image=&#8221;https:\/\/simexmin.org.br\/2026ing\/wp-content\/uploads\/2025\/10\/tarja-titulos-fina.jpg&#8221; background_position=&#8221;center_left&#8221; custom_padding=&#8221;20px||10px||false|false&#8221; title_font_size_tablet=&#8221;48px&#8221; title_font_size_phone=&#8221;33px&#8221; title_font_size_last_edited=&#8221;on|phone&#8221; title_text_shadow_style=&#8221;preset2&#8243; global_colors_info=&#8221;{}&#8221;][\/et_pb_fullwidth_header][\/et_pb_section][et_pb_section fb_built=&#8221;1&#8243; _builder_version=&#8221;4.27.4&#8243; _module_preset=&#8221;default&#8221; background_image=&#8221;https:\/\/simexmin.org.br\/2026ing\/wp-content\/uploads\/2025\/09\/bg-pgs-internas2.jpg&#8221; parallax=&#8221;on&#8221; parallax_method=&#8221;off&#8221; background_blend=&#8221;multiply&#8221; global_colors_info=&#8221;{}&#8221;][et_pb_row _builder_version=&#8221;4.23.1&#8243; _module_preset=&#8221;default&#8221; background_color=&#8221;RGBA(255,255,255,0)&#8221; custom_padding=&#8221;||0px|||&#8221; border_color_all=&#8221;#002A54&#8243; global_colors_info=&#8221;{}&#8221;][et_pb_column type=&#8221;4_4&#8243; _builder_version=&#8221;4.16&#8243; _module_preset=&#8221;default&#8221; global_colors_info=&#8221;{}&#8221;][et_pb_text _builder_version=&#8221;4.27.4&#8243; _module_preset=&#8221;default&#8221; text_font=&#8221;|600|||||||&#8221; text_font_size=&#8221;17px&#8221; hover_enabled=&#8221;0&#8243; global_colors_info=&#8221;{}&#8221; sticky_enabled=&#8221;0&#8243;]\n<div class=\"su-table su-table-alternate\">\n<table>\n<tbody>\n<tr>\n<td style=\"text-align: center;width: 106px\"><span style=\"color: #ff9900\">CATEGORIES<\/span><\/td>\n<td style=\"text-align: center;width: 91px\"><span style=\"color: #ff9900\">OPENING DATE<\/span><\/td>\n<td style=\"text-align: center;width: 140px\"><span style=\"color: #ff9900\">CLOSING DATE<\/span><\/td>\n<\/tr>\n<tr>\n<td style=\"text-align: center;width: 106px\">Former Exhibitor (XI edition)<\/td>\n<td style=\"text-align: center;width: 91px\">November 10, 2025<\/td>\n<td style=\"text-align: center;width: 140px\">December 10, 2025<\/td>\n<\/tr>\n<tr>\n<td style=\"text-align: center;width: 106px\">Company affiliated with ADIMB<\/td>\n<td style=\"text-align: center;width: 91px\">December 10, 2025<\/td>\n<td style=\"text-align: center;width: 140px\">January 15, 2026<\/td>\n<\/tr>\n<tr>\n<td style=\"text-align: center;width: 106px\">Company not affiliated with ADIMB<\/td>\n<td style=\"text-align: center;width: 91px\">January 16, 2026<\/td>\n<td style=\"text-align: center;width: 140px\">May 05, 2026<\/td>\n<\/tr>\n<\/tbody>\n<\/table>\n<p><span><\/div><\/span><\/p>\n[\/et_pb_text][\/et_pb_column][\/et_pb_row][et_pb_row _builder_version=&#8221;4.23.1&#8243; _module_preset=&#8221;default&#8221; custom_padding=&#8221;9px|||||&#8221; global_colors_info=&#8221;{}&#8221;][et_pb_column type=&#8221;4_4&#8243; _builder_version=&#8221;4.23.1&#8243; _module_preset=&#8221;default&#8221; global_colors_info=&#8221;{}&#8221;][et_pb_text _builder_version=&#8221;4.27.4&#8243; _module_preset=&#8221;default&#8221; text_font=&#8221;|600|||||||&#8221; link_text_color=&#8221;#295097&#8243; hover_enabled=&#8221;0&#8243; global_colors_info=&#8221;{}&#8221; sticky_enabled=&#8221;0&#8243;]\n<ul>\n<li>Former exhibitors of the XI ExpoSimexmin 2024 have priority in booking the same booth position on the floor plan;<\/li>\n<li>Exhibitors who wish to change booths must notify ADIMB via email and wait for a response from ADIMB to access the list of available booths;<\/li>\n<li>Available booths are offered based on the date and time the reservation request is received by email at comercial.simexmin@adimb.org.br.<\/li>\n<\/ul>\n[\/et_pb_text][\/et_pb_column][\/et_pb_row][et_pb_row _builder_version=&#8221;4.27.4&#8243; _module_preset=&#8221;default&#8221; hover_enabled=&#8221;0&#8243; global_colors_info=&#8221;{}&#8221; disabled_on=&#8221;on|on|on&#8221; disabled=&#8221;on&#8221; sticky_enabled=&#8221;0&#8243;][et_pb_column type=&#8221;4_4&#8243; _builder_version=&#8221;4.25.1&#8243; _module_preset=&#8221;default&#8221; global_colors_info=&#8221;{}&#8221;][et_pb_text _builder_version=&#8221;4.27.4&#8243; _module_preset=&#8221;default&#8221; text_font=&#8221;|800|||||||&#8221; text_text_color=&#8221;#FFFFFF&#8221; text_font_size=&#8221;26px&#8221; header_text_color=&#8221;#DD5D00&#8243; header_font_size=&#8221;36px&#8221; background_color=&#8221;#295097&#8243; text_orientation=&#8221;center&#8221; custom_padding=&#8221;20px||20px||false|false&#8221; global_colors_info=&#8221;{}&#8221;]\n<p><span>Soon<\/span><\/p>\n[\/et_pb_text][\/et_pb_column][\/et_pb_row][\/et_pb_section]\n","protected":false},"excerpt":{"rendered":"<p><div class=\"su-table su-table-alternate\"> CATEGORIES OPENING DATE CLOSING DATE Former Exhibitor (XI edition) November 10, 2025 December 10, 2025 Company affiliated with ADIMB December 10, 2025 January 15, 2026 Company not affiliated with ADIMB January 16, 2026 May 05, 2026 <\/div> Former exhibitors of the XI ExpoSimexmin 2024 have priority in booking the same booth position on [&hellip;]<\/p>\n","protected":false},"author":1,"featured_media":0,"parent":0,"menu_order":0,"comment_status":"closed","ping_status":"closed","template":"","meta":{"_et_pb_use_builder":"on","_et_pb_old_content":"","_et_gb_content_width":"","footnotes":""},"class_list":["post-18","page","type-page","status-publish","hentry"],"_links":{"self":[{"href":"https:\/\/simexmin.org.br\/2026ing\/wp-json\/wp\/v2\/pages\/18","targetHints":{"allow":["GET"]}}],"collection":[{"href":"https:\/\/simexmin.org.br\/2026ing\/wp-json\/wp\/v2\/pages"}],"about":[{"href":"https:\/\/simexmin.org.br\/2026ing\/wp-json\/wp\/v2\/types\/page"}],"author":[{"embeddable":true,"href":"https:\/\/simexmin.org.br\/2026ing\/wp-json\/wp\/v2\/users\/1"}],"replies":[{"embeddable":true,"href":"https:\/\/simexmin.org.br\/2026ing\/wp-json\/wp\/v2\/comments?post=18"}],"version-history":[{"count":12,"href":"https:\/\/simexmin.org.br\/2026ing\/wp-json\/wp\/v2\/pages\/18\/revisions"}],"predecessor-version":[{"id":1457,"href":"https:\/\/simexmin.org.br\/2026ing\/wp-json\/wp\/v2\/pages\/18\/revisions\/1457"}],"wp:attachment":[{"href":"https:\/\/simexmin.org.br\/2026ing\/wp-json\/wp\/v2\/media?parent=18"}],"curies":[{"name":"wp","href":"https:\/\/api.w.org\/{rel}","templated":true}]}}